CRAN Package Check Results for Package addreg

Last updated on 2022-08-12 19:53:00 CEST.

Flavor Version Tinstall Tcheck Ttotal Status Flags
r-devel-linux-x86_64-debian-clang 3.0 14.38 105.92 120.30 NOTE
r-devel-linux-x86_64-debian-gcc 3.0 10.62 78.81 89.43 NOTE
r-devel-linux-x86_64-fedora-clang 3.0 150.24 NOTE
r-devel-linux-x86_64-fedora-gcc 3.0 144.41 NOTE
r-devel-windows-x86_64 3.0 21.00 127.00 148.00 NOTE
r-patched-linux-x86_64 3.0 14.64 101.58 116.22 NOTE
r-release-linux-x86_64 3.0 12.67 100.44 113.11 NOTE
r-release-macos-arm64 3.0 53.00 NOTE
r-release-macos-x86_64 3.0 56.00 NOTE
r-release-windows-x86_64 3.0 21.00 127.00 148.00 NOTE
r-oldrel-macos-arm64 3.0 47.00 NOTE
r-oldrel-macos-x86_64 3.0 71.00 NOTE
r-oldrel-windows-ix86+x86_64 3.0 24.00 116.00 140.00 NOTE

Check Details

Version: 3.0
Check: LazyData
Result: NOTE
     'LazyData' is specified without a 'data' directory
Flavors: r-devel-linux-x86_64-debian-clang, r-devel-linux-x86_64-debian-gcc, r-devel-linux-x86_64-fedora-clang, r-devel-linux-x86_64-fedora-gcc, r-devel-windows-x86_64, r-patched-linux-x86_64, r-release-linux-x86_64, r-release-macos-arm64, r-release-macos-x86_64, r-release-windows-x86_64, r-oldrel-macos-arm64, r-oldrel-macos-x86_64, r-oldrel-windows-ix86+x86_64