Last updated on 2025-01-20 09:49:02 CET.
Flavor | Version | Tinstall | Tcheck | Ttotal | Status | Flags |
---|---|---|---|---|---|---|
r-devel-linux-x86_64-debian-clang | 1.7-22 | 73.12 | 284.61 | 357.73 | NOTE | |
r-devel-linux-x86_64-debian-gcc | 1.7-22 | 48.55 | 190.80 | 239.35 | NOTE | |
r-devel-linux-x86_64-fedora-clang | 1.7-22 | 598.67 | NOTE | |||
r-devel-linux-x86_64-fedora-gcc | 1.7-22 | 569.42 | NOTE | |||
r-devel-windows-x86_64 | 1.7-22 | 77.00 | 372.00 | 449.00 | NOTE | |
r-patched-linux-x86_64 | 1.7-22 | 79.42 | 268.25 | 347.67 | NOTE | |
r-release-linux-x86_64 | 1.7-22 | 68.41 | 268.63 | 337.04 | NOTE | |
r-release-macos-arm64 | 1.7-22 | 140.00 | NOTE | |||
r-release-macos-x86_64 | 1.7-22 | 250.00 | NOTE | |||
r-release-windows-x86_64 | 1.7-22 | 79.00 | 375.00 | 454.00 | NOTE | |
r-oldrel-macos-arm64 | 1.7-22 | 147.00 | NOTE | |||
r-oldrel-macos-x86_64 | 1.7-22 | 266.00 | NOTE | |||
r-oldrel-windows-x86_64 | 1.7-22 | 91.00 | 481.00 | 572.00 | NOTE |
Version: 1.7-22
Check: Rd files
Result: NOTE
checkRd: (-1) varipart.Rd:19: Lost braces
19 | \item{type}{a character specifying the algorithm which should be used to adjust R-squared (either \code{"simulated"} or \ code{"parametric"}).}
| ^
Flavors: r-devel-linux-x86_64-debian-clang, r-devel-linux-x86_64-debian-gcc, r-devel-linux-x86_64-fedora-clang, r-devel-linux-x86_64-fedora-gcc, r-devel-windows-x86_64, r-patched-linux-x86_64, r-release-linux-x86_64, r-release-macos-arm64, r-release-macos-x86_64, r-release-windows-x86_64
Version: 1.7-22
Check: dependencies in R code
Result: NOTE
Namespace in Imports field not imported from: ‘sp’
All declared Imports should be used.
Flavors: r-devel-linux-x86_64-fedora-clang, r-devel-linux-x86_64-fedora-gcc
Version: 1.7-22
Check: installed package size
Result: NOTE
installed size is 9.1Mb
sub-directories of 1Mb or more:
R 2.0Mb
data 3.0Mb
libs 2.5Mb
Flavors: r-release-macos-arm64, r-release-macos-x86_64, r-release-windows-x86_64, r-oldrel-macos-arm64, r-oldrel-macos-x86_64, r-oldrel-windows-x86_64