Last updated on 2023-01-28 19:52:08 CET.
Flavor | Version | Tinstall | Tcheck | Ttotal | Status | Flags |
---|---|---|---|---|---|---|
r-devel-linux-x86_64-debian-clang | 1.7-20 | 56.53 | 364.66 | 421.19 | OK | |
r-devel-linux-x86_64-debian-gcc | 1.7-20 | 34.99 | 266.87 | 301.86 | OK | |
r-devel-linux-x86_64-fedora-clang | 1.7-20 | 535.72 | NOTE | |||
r-devel-linux-x86_64-fedora-gcc | 1.7-20 | 510.49 | NOTE | |||
r-devel-windows-x86_64 | 1.7-20 | 194.00 | 513.00 | 707.00 | NOTE | |
r-patched-linux-x86_64 | 1.7-20 | 53.96 | 339.80 | 393.76 | OK | |
r-release-linux-x86_64 | 1.7-20 | 41.95 | 342.04 | 383.99 | OK | |
r-release-macos-arm64 | 1.7-20 | 138.00 | NOTE | |||
r-release-macos-x86_64 | 1.7-20 | 171.00 | NOTE | |||
r-release-windows-x86_64 | 1.7-20 | 193.00 | 497.00 | 690.00 | NOTE | |
r-oldrel-macos-arm64 | 1.7-20 | 123.00 | NOTE | |||
r-oldrel-macos-x86_64 | 1.7-20 | 174.00 | NOTE | |||
r-oldrel-windows-ix86+x86_64 | 1.7-20 | 87.00 | 625.00 | 712.00 | NOTE |
Version: 1.7-20
Check: installed package size
Result: NOTE
installed size is 7.8Mb
sub-directories of 1Mb or more:
R 1.4Mb
data 3.0Mb
pictures 2.1Mb
Flavors: r-devel-linux-x86_64-fedora-clang, r-devel-windows-x86_64, r-release-macos-arm64, r-release-macos-x86_64, r-release-windows-x86_64, r-oldrel-macos-arm64, r-oldrel-macos-x86_64, r-oldrel-windows-ix86+x86_64
Version: 1.7-20
Check: dependencies in R code
Result: NOTE
Namespace in Imports field not imported from: ‘sp’
All declared Imports should be used.
Flavors: r-devel-linux-x86_64-fedora-clang, r-devel-linux-x86_64-fedora-gcc, r-release-macos-arm64, r-release-macos-x86_64, r-oldrel-macos-arm64, r-oldrel-macos-x86_64