Last updated on 2022-08-09 05:54:38 CEST.
Flavor | Version | Tinstall | Tcheck | Ttotal | Status | Flags |
---|---|---|---|---|---|---|
r-devel-linux-x86_64-debian-clang | 1.7-19 | 51.97 | 384.72 | 436.69 | NOTE | |
r-devel-linux-x86_64-debian-gcc | 1.7-19 | 38.06 | 283.01 | 321.07 | NOTE | |
r-devel-linux-x86_64-fedora-clang | 1.7-19 | 506.21 | NOTE | |||
r-devel-linux-x86_64-fedora-gcc | 1.7-19 | 500.89 | NOTE | |||
r-devel-windows-x86_64 | 1.7-19 | 150.00 | 490.00 | 640.00 | NOTE | |
r-patched-linux-x86_64 | 1.7-19 | 52.95 | 367.78 | 420.73 | OK | |
r-release-linux-x86_64 | 1.7-19 | OK | ||||
r-release-macos-arm64 | 1.7-19 | 136.00 | NOTE | |||
r-release-macos-x86_64 | 1.7-19 | 191.00 | NOTE | |||
r-release-windows-x86_64 | 1.7-19 | 163.00 | 464.00 | 627.00 | NOTE | |
r-oldrel-macos-arm64 | 1.7-19 | 115.00 | NOTE | |||
r-oldrel-macos-x86_64 | 1.7-19 | 191.00 | NOTE | |||
r-oldrel-windows-ix86+x86_64 | 1.7-19 | 88.00 | 697.00 | 785.00 | NOTE |
Version: 1.7-19
Check: Rd files
Result: NOTE
checkRd: (-1) chickenk.Rd:19: Escaped LaTeX specials: \&
checkRd: (-1) multispati.Rd:54: Escaped LaTeX specials: \$
checkRd: (-1) randboot.Rd:34: Escaped LaTeX specials: \&
Flavors: r-devel-linux-x86_64-debian-clang, r-devel-linux-x86_64-debian-gcc, r-devel-linux-x86_64-fedora-clang, r-devel-linux-x86_64-fedora-gcc, r-devel-windows-x86_64
Version: 1.7-19
Check: installed package size
Result: NOTE
installed size is 8.0Mb
sub-directories of 1Mb or more:
R 1.4Mb
data 3.0Mb
pictures 2.1Mb
Flavors: r-devel-linux-x86_64-fedora-clang, r-devel-windows-x86_64, r-release-macos-arm64, r-release-macos-x86_64, r-release-windows-x86_64, r-oldrel-macos-arm64, r-oldrel-macos-x86_64, r-oldrel-windows-ix86+x86_64
Version: 1.7-19
Check: dependencies in R code
Result: NOTE
Namespace in Imports field not imported from: ‘sp’
All declared Imports should be used.
Flavors: r-devel-linux-x86_64-fedora-clang, r-devel-linux-x86_64-fedora-gcc, r-release-macos-arm64, r-release-macos-x86_64, r-oldrel-macos-arm64, r-oldrel-macos-x86_64