CRAN Package Check Results for Package ade4TkGUI

Last updated on 2019-09-23 11:48:12 CEST.

Flavor Version Tinstall Tcheck Ttotal Status Flags
r-devel-linux-x86_64-debian-clang 0.3-0 19.47 76.44 95.91 OK
r-devel-linux-x86_64-debian-gcc 0.3-0 15.69 59.02 74.71 OK
r-devel-linux-x86_64-fedora-clang 0.3-0 116.37 OK
r-devel-linux-x86_64-fedora-gcc 0.3-0 115.05 OK
r-devel-windows-ix86+x86_64 0.3-0 30.00 103.00 133.00 OK
r-patched-linux-x86_64 0.3-0 18.95 76.37 95.32 OK
r-patched-solaris-x86 0.3-0 157.90 OK
r-release-linux-x86_64 0.3-0 18.83 76.80 95.63 OK
r-release-windows-ix86+x86_64 0.3-0 22.00 69.00 91.00 OK
r-release-osx-x86_64 0.3-0 WARN
r-oldrel-windows-ix86+x86_64 0.3-0 16.00 68.00 84.00 OK
r-oldrel-osx-x86_64 0.3-0 WARN

Check Details

Version: 0.3-0
Check: whether package can be installed
Result: WARN
    Found the following significant warnings:
     Warning: loading Rplot failed
Flavors: r-release-osx-x86_64, r-oldrel-osx-x86_64

Version: 0.3-0
Check: dependencies in R code
Result: NOTE
    No protocol specified
    No protocol specified
    No protocol specified
    No protocol specified
Flavors: r-release-osx-x86_64, r-oldrel-osx-x86_64

Version: 0.3-0
Check: S3 generic/method consistency
Result: WARN
    No protocol specified
    No protocol specified
    No protocol specified
    No protocol specified
    See section ‘Generic functions and methods’ in the ‘Writing R
    Extensions’ manual.
Flavors: r-release-osx-x86_64, r-oldrel-osx-x86_64

Version: 0.3-0
Check: replacement functions
Result: WARN
    No protocol specified
    No protocol specified
    No protocol specified
    No protocol specified
    The argument of a replacement function which corresponds to the right
    hand side must be named ‘value’.
Flavors: r-release-osx-x86_64, r-oldrel-osx-x86_64

Version: 0.3-0
Check: foreign function calls
Result: NOTE
    No protocol specified
    No protocol specified
    No protocol specified
    No protocol specified
    See chapter ‘System and foreign language interfaces’ in the ‘Writing R
    Extensions’ manual.
Flavors: r-release-osx-x86_64, r-oldrel-osx-x86_64

Version: 0.3-0
Check: R code for possible problems
Result: NOTE
    No protocol specified
    No protocol specified
    No protocol specified
    No protocol specified
Flavors: r-release-osx-x86_64, r-oldrel-osx-x86_64

Version: 0.3-0
Check: for missing documentation entries
Result: WARN
    No protocol specified
    No protocol specified
    No protocol specified
    No protocol specified
    All user-level objects in a package should have documentation entries.
    See chapter ‘Writing R documentation files’ in the ‘Writing R
    Extensions’ manual.
Flavors: r-release-osx-x86_64, r-oldrel-osx-x86_64

Version: 0.3-0
Check: for code/documentation mismatches
Result: WARN
    No protocol specified
    No protocol specified
    No protocol specified
    No protocol specified
    No protocol specified
    No protocol specified
    No protocol specified
    No protocol specified
    No protocol specified
    No protocol specified
    No protocol specified
    No protocol specified
Flavors: r-release-osx-x86_64, r-oldrel-osx-x86_64

Version: 0.3-0
Check: Rd \usage sections
Result: NOTE
    No protocol specified
    No protocol specified
    No protocol specified
    No protocol specified
    The \usage entries for S3 methods should use the \method markup and not
    their full name.
    See chapter ‘Writing R documentation files’ in the ‘Writing R
    Extensions’ manual.
Flavors: r-release-osx-x86_64, r-oldrel-osx-x86_64