CRAN Package Check Results for Package adegenet

Last updated on 2020-02-18 20:51:33 CET.

Flavor Version Tinstall Tcheck Ttotal Status Flags
r-devel-linux-x86_64-debian-clang 2.1.2 43.36 244.40 287.76 OK
r-devel-linux-x86_64-debian-gcc 2.1.2 34.19 185.24 219.43 OK
r-devel-linux-x86_64-fedora-clang 2.1.2 330.65 NOTE
r-devel-linux-x86_64-fedora-gcc 2.1.2 340.31 OK
r-devel-windows-ix86+x86_64 2.1.2 63.00 322.00 385.00 OK
r-devel-windows-ix86+x86_64-gcc8 2.1.2 80.00 385.00 465.00 OK
r-patched-linux-x86_64 2.1.2 34.89 211.51 246.40 OK
r-patched-solaris-x86 2.1.2 455.10 NOTE
r-release-linux-x86_64 2.1.2 34.88 210.34 245.22 OK
r-release-windows-ix86+x86_64 2.1.2 53.00 270.00 323.00 OK
r-release-osx-x86_64 2.1.2 OK
r-oldrel-windows-ix86+x86_64 2.1.2 38.00 230.00 268.00 OK
r-oldrel-osx-x86_64 2.1.2 OK

Check Details

Version: 2.1.2
Check: installed package size
Result: NOTE
     installed size is 5.0Mb
     sub-directories of 1Mb or more:
     R 1.3Mb
     data 1.3Mb
     files 1.7Mb
Flavors: r-devel-linux-x86_64-fedora-clang, r-patched-solaris-x86