CRAN Package Check Results for Package adegenet

Last updated on 2024-02-27 21:48:19 CET.

Flavor Version Tinstall Tcheck Ttotal Status Flags
r-devel-linux-x86_64-debian-clang 2.1.10 35.06 232.09 267.15 OK
r-devel-linux-x86_64-debian-gcc 2.1.10 25.73 174.47 200.20 OK
r-devel-linux-x86_64-fedora-clang 2.1.10 321.29 OK
r-devel-linux-x86_64-fedora-gcc 2.1.10 311.47 OK
r-devel-windows-x86_64 2.1.10 33.00 200.00 233.00 OK
r-patched-linux-x86_64 2.1.10 38.92 222.98 261.90 OK
r-release-linux-x86_64 2.1.10 30.15 224.03 254.18 OK
r-release-macos-arm64 2.1.10 93.00 NOTE
r-release-macos-x86_64 2.1.10 150.00 NOTE
r-release-windows-x86_64 2.1.10 46.00 266.00 312.00 OK
r-oldrel-macos-arm64 2.1.10 83.00 NOTE
r-oldrel-windows-x86_64 2.1.10 42.00 247.00 289.00 OK

Check Details

Version: 2.1.10
Check: installed package size
Result: NOTE installed size is 5.8Mb sub-directories of 1Mb or more: R 2.0Mb data 1.3Mb files 1.7Mb Flavors: r-release-macos-arm64, r-release-macos-x86_64, r-oldrel-macos-arm64

Version: 2.1.10
Check: package dependencies
Result: NOTE Packages suggested but not available for checking: 'adespatial', 'hierfstat', 'spdep', 'poppr' Flavor: r-release-macos-x86_64

Version: 2.1.10
Check: Rd cross-references
Result: NOTE Package unavailable to check Rd xrefs: ‘spdep’ Flavor: r-release-macos-x86_64