CRAN Package Check Results for Package adehabitatHR

Last updated on 2022-08-09 06:50:09 CEST.

Flavor Version Tinstall Tcheck Ttotal Status Flags
r-devel-linux-x86_64-debian-clang 0.4.19 14.21 107.64 121.85 NOTE
r-devel-linux-x86_64-debian-gcc 0.4.19 9.46 80.85 90.31 NOTE
r-devel-linux-x86_64-fedora-clang 0.4.19 157.49 NOTE
r-devel-linux-x86_64-fedora-gcc 0.4.19 151.51 NOTE
r-devel-windows-x86_64 0.4.19 36.00 153.00 189.00 NOTE
r-patched-linux-x86_64 0.4.19 15.80 100.88 116.68 OK
r-release-linux-x86_64 0.4.19 OK
r-release-macos-arm64 0.4.19 59.00 OK
r-release-macos-x86_64 0.4.19 78.00 OK
r-release-windows-x86_64 0.4.19 52.00 154.00 206.00 OK
r-oldrel-macos-arm64 0.4.19 72.00 OK
r-oldrel-macos-x86_64 0.4.19 96.00 OK
r-oldrel-windows-ix86+x86_64 0.4.19 31.00 163.00 194.00 OK

Check Details

Version: 0.4.19
Check: Rd files
Result: NOTE
    checkRd: (-1) kernelUD.Rd:210: Escaped LaTeX specials: \&
Flavors: r-devel-linux-x86_64-debian-clang, r-devel-linux-x86_64-debian-gcc, r-devel-linux-x86_64-fedora-clang, r-devel-linux-x86_64-fedora-gcc, r-devel-windows-x86_64