CRAN Package Check Results for Package adehabitatMA

Last updated on 2019-02-21 04:51:28 CET.

Flavor Version Tinstall Tcheck Ttotal Status Flags
r-devel-linux-x86_64-debian-clang 0.3.12 6.53 52.51 59.04 OK
r-devel-linux-x86_64-debian-gcc 0.3.12 4.61 40.43 45.04 OK
r-devel-linux-x86_64-fedora-clang 0.3.12 78.17 NOTE
r-devel-linux-x86_64-fedora-gcc 0.3.12 67.35 NOTE
r-devel-windows-ix86+x86_64 0.3.12 18.00 84.00 102.00 OK
r-patched-linux-x86_64 0.3.12 OK
r-patched-solaris-x86 0.3.12 99.80 NOTE
r-release-linux-x86_64 0.3.12 OK
r-release-windows-ix86+x86_64 0.3.12 11.00 106.00 117.00 OK
r-release-osx-x86_64 0.3.12 NOTE
r-oldrel-windows-ix86+x86_64 0.3.12 11.00 89.00 100.00 OK
r-oldrel-osx-x86_64 0.3.12 NOTE

Check Details

Version: 0.3.12
Check: dependencies in R code
Result: NOTE
    Namespace in Imports field not imported from: ‘filehash’
     All declared Imports should be used.
Flavors: r-devel-linux-x86_64-fedora-clang, r-devel-linux-x86_64-fedora-gcc, r-patched-solaris-x86, r-release-osx-x86_64, r-oldrel-osx-x86_64