CRAN Package Check Results for Package adehabitatMA

Last updated on 2018-11-20 23:11:22 CET.

Flavor Version Tinstall Tcheck Ttotal Status Flags
r-devel-linux-x86_64-debian-clang 0.3.12 6.44 50.51 56.95 OK
r-devel-linux-x86_64-debian-gcc 0.3.12 4.60 39.34 43.94 OK
r-devel-linux-x86_64-fedora-clang 0.3.12 66.66 NOTE
r-devel-linux-x86_64-fedora-gcc 0.3.12 63.04 NOTE
r-devel-windows-ix86+x86_64 0.3.12 18.00 110.00 128.00 OK
r-patched-linux-x86_64 0.3.12 6.06 47.58 53.64 OK
r-patched-solaris-x86 0.3.12 95.20 NOTE
r-release-linux-x86_64 0.3.12 4.86 47.43 52.29 OK
r-release-windows-ix86+x86_64 0.3.12 12.00 108.00 120.00 OK
r-release-osx-x86_64 0.3.12 NOTE
r-oldrel-windows-ix86+x86_64 0.3.12 15.00 117.00 132.00 OK
r-oldrel-osx-x86_64 0.3.12 NOTE

Check Details

Version: 0.3.12
Check: dependencies in R code
Result: NOTE
    Namespace in Imports field not imported from: ‘filehash’
     All declared Imports should be used.
Flavors: r-devel-linux-x86_64-fedora-clang, r-devel-linux-x86_64-fedora-gcc, r-patched-solaris-x86, r-release-osx-x86_64, r-oldrel-osx-x86_64