CRAN Package Check Results for Package adehabitatMA

Last updated on 2018-09-22 18:47:19 CEST.

Flavor Version Tinstall Tcheck Ttotal Status Flags
r-devel-linux-x86_64-debian-clang 0.3.12 5.86 51.44 57.30 OK
r-devel-linux-x86_64-debian-gcc 0.3.12 4.42 40.70 45.12 OK
r-devel-linux-x86_64-fedora-clang 0.3.12 69.04 NOTE
r-devel-linux-x86_64-fedora-gcc 0.3.12 67.09 NOTE
r-devel-windows-ix86+x86_64 0.3.12 15.00 119.00 134.00 OK
r-patched-linux-x86_64 0.3.12 5.63 46.99 52.62 OK
r-patched-solaris-x86 0.3.12 92.30 NOTE
r-release-linux-x86_64 0.3.12 5.81 47.51 53.32 OK
r-release-windows-ix86+x86_64 0.3.12 11.00 106.00 117.00 OK
r-release-osx-x86_64 0.3.12 NOTE
r-oldrel-windows-ix86+x86_64 0.3.12 10.00 111.00 121.00 OK
r-oldrel-osx-x86_64 0.3.12 NOTE

Check Details

Version: 0.3.12
Check: dependencies in R code
Result: NOTE
    Namespace in Imports field not imported from: ‘filehash’
     All declared Imports should be used.
Flavors: r-devel-linux-x86_64-fedora-clang, r-devel-linux-x86_64-fedora-gcc, r-patched-solaris-x86, r-release-osx-x86_64, r-oldrel-osx-x86_64