CRAN Package Check Results for Package adehabitatMA

Last updated on 2018-07-16 03:48:54 CEST.

Flavor Version Tinstall Tcheck Ttotal Status Flags
r-devel-linux-x86_64-debian-clang 0.3.12 6.08 45.72 51.80 OK
r-devel-linux-x86_64-debian-gcc 0.3.12 5.21 39.87 45.08 OK
r-devel-linux-x86_64-fedora-clang 0.3.12 68.54 NOTE
r-devel-linux-x86_64-fedora-gcc 0.3.12 63.66 NOTE
r-devel-windows-ix86+x86_64 0.3.12 18.00 85.00 103.00 OK
r-patched-linux-x86_64 0.3.12 5.46 48.22 53.68 OK
r-patched-solaris-x86 0.3.12 94.00 NOTE
r-release-linux-x86_64 0.3.12 6.37 47.23 53.60 OK
r-release-windows-ix86+x86_64 0.3.12 18.00 82.00 100.00 OK
r-release-osx-x86_64 0.3.12 NOTE
r-oldrel-windows-ix86+x86_64 0.3.12 12.00 111.00 123.00 OK
r-oldrel-osx-x86_64 0.3.12 NOTE

Check Details

Version: 0.3.12
Check: dependencies in R code
Result: NOTE
    Namespace in Imports field not imported from: ‘filehash’
     All declared Imports should be used.
Flavors: r-devel-linux-x86_64-fedora-clang, r-devel-linux-x86_64-fedora-gcc, r-patched-solaris-x86, r-release-osx-x86_64, r-oldrel-osx-x86_64