CRAN Package Check Results for Package adepro

Last updated on 2024-02-29 08:48:46 CET.

Flavor Version Tinstall Tcheck Ttotal Status Flags
r-devel-linux-x86_64-debian-clang 3.2.0 9.29 92.88 102.17 NOTE
r-devel-linux-x86_64-debian-gcc 3.2.0 8.63 70.10 78.73 NOTE
r-devel-linux-x86_64-fedora-clang 3.2.0 128.28 NOTE
r-devel-linux-x86_64-fedora-gcc 3.2.0 146.74 NOTE
r-devel-windows-x86_64 3.2.0 10.00 87.00 97.00 NOTE
r-patched-linux-x86_64 3.2.0 9.90 91.16 101.06 OK
r-release-linux-x86_64 3.2.0 6.95 87.99 94.94 OK
r-release-macos-arm64 3.2.0 44.00 OK
r-release-macos-x86_64 3.2.0 70.00 OK
r-release-windows-x86_64 3.2.0 13.00 104.00 117.00 OK
r-oldrel-macos-arm64 3.2.0 38.00 NOTE
r-oldrel-windows-x86_64 3.2.0 13.00 107.00 120.00 OK

Check Details

Version: 3.2.0
Check: Rd \usage sections
Result: NOTE Documented arguments not in \usage in Rd file 'ae_count.Rd': ‘patients’ Functions with \usage entries need to have the appropriate \alias entries, and all their arguments documented. The \usage entries must correspond to syntactically valid R code. See chapter ‘Writing R documentation files’ in the ‘Writing R Extensions’ manual. Flavors: r-devel-linux-x86_64-debian-clang, r-devel-linux-x86_64-debian-gcc, r-devel-linux-x86_64-fedora-clang, r-devel-linux-x86_64-fedora-gcc, r-devel-windows-x86_64

Version: 3.2.0
Check: dependencies in R code
Result: NOTE Namespace in Imports field not imported from: ‘jsonlite’ All declared Imports should be used. Flavors: r-devel-linux-x86_64-fedora-clang, r-devel-linux-x86_64-fedora-gcc, r-oldrel-macos-arm64