Last updated on 2023-01-31 16:54:33 CET.
Flavor | Version | Tinstall | Tcheck | Ttotal | Status | Flags |
---|---|---|---|---|---|---|
r-devel-linux-x86_64-debian-clang | 3.2.0 | 10.08 | 99.50 | 109.58 | OK | |
r-devel-linux-x86_64-debian-gcc | 3.2.0 | 6.96 | 72.68 | 79.64 | OK | |
r-devel-linux-x86_64-fedora-clang | 3.2.0 | 137.71 | NOTE | |||
r-devel-linux-x86_64-fedora-gcc | 3.2.0 | 146.78 | NOTE | |||
r-devel-windows-x86_64 | 3.2.0 | 23.00 | 141.00 | 164.00 | OK | |
r-patched-linux-x86_64 | 3.2.0 | 11.67 | 97.69 | 109.36 | OK | |
r-release-linux-x86_64 | 3.2.0 | 8.12 | 99.37 | 107.49 | OK | |
r-release-macos-arm64 | 3.2.0 | 38.00 | NOTE | |||
r-release-macos-x86_64 | 3.2.0 | 74.00 | NOTE | |||
r-release-windows-x86_64 | 3.2.0 | 23.00 | 140.00 | 163.00 | OK | |
r-oldrel-macos-arm64 | 3.2.0 | 47.00 | NOTE | |||
r-oldrel-macos-x86_64 | 3.2.0 | 49.00 | NOTE | |||
r-oldrel-windows-ix86+x86_64 | 3.2.0 | 29.00 | 140.00 | 169.00 | OK |
Version: 3.2.0
Check: dependencies in R code
Result: NOTE
Namespace in Imports field not imported from: ‘jsonlite’
All declared Imports should be used.
Flavors: r-devel-linux-x86_64-fedora-clang, r-devel-linux-x86_64-fedora-gcc, r-release-macos-arm64, r-release-macos-x86_64, r-oldrel-macos-arm64, r-oldrel-macos-x86_64