Last updated on 2022-08-12 20:48:54 CEST.
Flavor | Version | Tinstall | Tcheck | Ttotal | Status | Flags |
---|---|---|---|---|---|---|
r-devel-linux-x86_64-debian-clang | 1.2 | 16.02 | 357.69 | 373.71 | NOTE | |
r-devel-linux-x86_64-debian-gcc | 1.2 | 12.10 | 263.63 | 275.73 | NOTE | |
r-devel-linux-x86_64-fedora-clang | 1.2 | 440.56 | NOTE | |||
r-devel-linux-x86_64-fedora-gcc | 1.2 | 431.52 | NOTE | |||
r-devel-windows-x86_64 | 1.2 | 20.00 | 185.00 | 205.00 | NOTE | --no-vignettes |
r-patched-linux-x86_64 | 1.2 | 14.34 | 334.22 | 348.56 | NOTE | |
r-release-linux-x86_64 | 1.2 | 9.37 | 342.18 | 351.55 | NOTE | |
r-release-macos-arm64 | 1.2 | 162.00 | NOTE | |||
r-release-macos-x86_64 | 1.2 | 296.00 | NOTE | |||
r-release-windows-x86_64 | 1.2 | 23.00 | 187.00 | 210.00 | NOTE | --no-vignettes |
r-oldrel-macos-arm64 | 1.2 | 236.00 | NOTE | |||
r-oldrel-macos-x86_64 | 1.2 | 309.00 | NOTE | |||
r-oldrel-windows-ix86+x86_64 | 1.2 | 32.00 | 158.00 | 190.00 | NOTE | --no-vignettes |
Version: 1.2
Check: LazyData
Result: NOTE
'LazyData' is specified without a 'data' directory
Flavors: r-devel-linux-x86_64-debian-clang, r-devel-linux-x86_64-debian-gcc, r-devel-linux-x86_64-fedora-clang, r-devel-linux-x86_64-fedora-gcc, r-patched-linux-x86_64, r-release-linux-x86_64, r-release-macos-arm64, r-release-macos-x86_64, r-oldrel-macos-arm64, r-oldrel-macos-x86_64
Version: 1.2
Check: installed package size
Result: NOTE
installed size is 5.1Mb
sub-directories of 1Mb or more:
doc 4.7Mb
Flavors: r-devel-linux-x86_64-fedora-clang, r-release-macos-arm64, r-release-macos-x86_64, r-oldrel-macos-arm64, r-oldrel-macos-x86_64
Version: 1.2
Flags: --no-vignettes
Check: installed package size
Result: NOTE
installed size is 5.1Mb
sub-directories of 1Mb or more:
doc 4.7Mb
Flavors: r-devel-windows-x86_64, r-release-windows-x86_64, r-oldrel-windows-ix86+x86_64
Version: 1.2
Flags: --no-vignettes
Check: LazyData
Result: NOTE
'LazyData' is specified without a 'data' directory
Flavors: r-devel-windows-x86_64, r-release-windows-x86_64, r-oldrel-windows-ix86+x86_64