Last updated on 2023-02-05 17:51:11 CET.
Flavor | Version | Tinstall | Tcheck | Ttotal | Status | Flags |
---|---|---|---|---|---|---|
r-devel-linux-x86_64-debian-clang | 1.1 | 76.21 | 41.54 | 117.75 | OK | |
r-devel-linux-x86_64-debian-gcc | 1.1 | 62.26 | 32.75 | 95.01 | OK | |
r-devel-linux-x86_64-fedora-clang | 1.1 | 164.52 | NOTE | |||
r-devel-linux-x86_64-fedora-gcc | 1.1 | 165.15 | OK | |||
r-devel-windows-x86_64 | 1.1 | 89.00 | 72.00 | 161.00 | NOTE | |
r-patched-linux-x86_64 | 1.1 | 83.56 | 41.27 | 124.83 | OK | |
r-release-linux-x86_64 | 1.1 | 79.88 | 41.67 | 121.55 | OK | |
r-release-macos-arm64 | 1.1 | 75.00 | NOTE | |||
r-release-macos-x86_64 | 1.1 | 85.00 | NOTE | |||
r-release-windows-x86_64 | 1.1 | 93.00 | 73.00 | 166.00 | NOTE | |
r-oldrel-macos-arm64 | 1.1 | 92.00 | NOTE | |||
r-oldrel-macos-x86_64 | 1.1 | 144.00 | NOTE | |||
r-oldrel-windows-ix86+x86_64 | 1.1 | 115.00 | 71.00 | 186.00 | NOTE |
Version: 1.1
Check: installed package size
Result: NOTE
installed size is 9.5Mb
sub-directories of 1Mb or more:
data 9.3Mb
Flavors: r-devel-linux-x86_64-fedora-clang, r-devel-windows-x86_64, r-release-macos-arm64, r-release-macos-x86_64, r-release-windows-x86_64, r-oldrel-macos-arm64, r-oldrel-macos-x86_64, r-oldrel-windows-ix86+x86_64