CRAN Package Check Results for Package adeptdata

Last updated on 2020-09-19 17:49:11 CEST.

Flavor Version Tinstall Tcheck Ttotal Status Flags
r-devel-linux-x86_64-debian-clang 1.0.1 19.95 30.40 50.35 OK
r-devel-linux-x86_64-debian-gcc 1.0.1 18.03 24.67 42.70 OK
r-devel-linux-x86_64-fedora-clang 1.0.1 76.31 NOTE
r-devel-linux-x86_64-fedora-gcc 1.0.1 66.78 OK
r-devel-windows-ix86+x86_64 1.0.1 30.00 37.00 67.00 NOTE
r-patched-linux-x86_64 1.0.1 18.83 30.41 49.24 OK
r-patched-solaris-x86 1.0.1 111.90 NOTE
r-release-linux-x86_64 1.0.1 19.24 30.51 49.75 OK
r-release-macos-x86_64 1.0.1 NOTE
r-release-windows-ix86+x86_64 1.0.1 27.00 40.00 67.00 NOTE
r-oldrel-macos-x86_64 1.0.1 NOTE
r-oldrel-windows-ix86+x86_64 1.0.1 26.00 52.00 78.00 NOTE

Check Details

Version: 1.0.1
Check: installed package size
Result: NOTE
     installed size is 21.0Mb
     sub-directories of 1Mb or more:
     data 20.8Mb
Flavors: r-devel-linux-x86_64-fedora-clang, r-devel-windows-ix86+x86_64, r-patched-solaris-x86, r-release-macos-x86_64, r-release-windows-ix86+x86_64, r-oldrel-macos-x86_64, r-oldrel-windows-ix86+x86_64