Last updated on 2022-08-12 18:49:36 CEST.
Flavor | Version | Tinstall | Tcheck | Ttotal | Status | Flags |
---|---|---|---|---|---|---|
r-devel-linux-x86_64-debian-clang | 0.3-16 | 61.31 | 683.02 | 744.33 | NOTE | |
r-devel-linux-x86_64-debian-gcc | 0.3-16 | 48.19 | 498.47 | 546.66 | NOTE | |
r-devel-linux-x86_64-fedora-clang | 0.3-16 | 918.15 | NOTE | |||
r-devel-linux-x86_64-fedora-gcc | 0.3-16 | 939.38 | NOTE | |||
r-devel-windows-x86_64 | 0.3-16 | 92.00 | 672.00 | 764.00 | NOTE | |
r-patched-linux-x86_64 | 0.3-16 | 64.11 | 644.15 | 708.26 | OK | |
r-release-linux-x86_64 | 0.3-16 | 51.60 | 645.82 | 697.42 | OK | |
r-release-macos-arm64 | 0.3-16 | 237.00 | OK | |||
r-release-macos-x86_64 | 0.3-16 | 368.00 | OK | |||
r-release-windows-x86_64 | 0.3-16 | 108.00 | 662.00 | 770.00 | OK | |
r-oldrel-macos-arm64 | 0.3-16 | 230.00 | OK | |||
r-oldrel-macos-x86_64 | 0.3-16 | 282.00 | OK | |||
r-oldrel-windows-ix86+x86_64 | 0.3-16 | 129.00 | 951.00 | 1080.00 | OK |
Version: 0.3-16
Check: Rd files
Result: NOTE
checkRd: (-1) multispati.Rd:62: Escaped LaTeX specials: \$
Flavors: r-devel-linux-x86_64-debian-clang, r-devel-linux-x86_64-debian-gcc, r-devel-linux-x86_64-fedora-clang, r-devel-linux-x86_64-fedora-gcc, r-devel-windows-x86_64