Last updated on 2023-06-01 16:00:15 CEST.
Flavor | Version | Tinstall | Tcheck | Ttotal | Status | Flags |
---|---|---|---|---|---|---|
r-devel-linux-x86_64-debian-clang | 2.2 | 39.33 | 330.49 | 369.82 | OK | |
r-devel-linux-x86_64-debian-gcc | 2.2 | 31.74 | 242.36 | 274.10 | OK | |
r-devel-linux-x86_64-fedora-clang | 2.2 | 447.99 | OK | |||
r-devel-linux-x86_64-fedora-gcc | 2.2 | 478.98 | OK | |||
r-devel-windows-x86_64 | 2.2 | 31.00 | 260.00 | 291.00 | OK | |
r-patched-linux-x86_64 | 2.2 | OK | ||||
r-release-linux-x86_64 | 2.2 | 25.75 | 309.68 | 335.43 | OK | |
r-release-macos-arm64 | 2.2 | 141.00 | OK | |||
r-release-macos-x86_64 | 2.2 | 228.00 | NOTE | |||
r-release-windows-x86_64 | 2.2 | 42.00 | 329.00 | 371.00 | OK | |
r-oldrel-macos-arm64 | 2.2 | 144.00 | OK | |||
r-oldrel-macos-x86_64 | 2.2 | 167.00 | OK | |||
r-oldrel-windows-x86_64 | 2.2 | 41.00 | 319.00 | 360.00 | OK |
Version: 2.2
Check: re-building of vignette outputs
Result: NOTE
Error(s) in re-building vignettes:
--- re-building ‘adivGuide.Rnw’ using Sweave
Attaching package: ‘phylobase’
The following object is masked from ‘package:ape’:
edges
Error: processing vignette 'adivGuide.Rnw' failed with diagnostics:
Running 'texi2dvi' on 'adivGuide.tex' failed.
LaTeX errors:
! LaTeX Error: File `wasysym.sty' not found.
Type X to quit or <RETURN> to proceed,
or enter new name. (Default extension: sty)
! Emergency stop.
<read *>
l.12 \usepackage
[all]{xy}^^M
! ==> Fatal error occurred, no output PDF file produced!
--- failed re-building ‘adivGuide.Rnw’
SUMMARY: processing the following file failed:
‘adivGuide.Rnw’
Error: Vignette re-building failed.
Execution halted
Flavor: r-release-macos-x86_64