CRAN Package Check Results for Package adklakedata

Last updated on 2022-11-28 14:51:55 CET.

Flavor Version Tinstall Tcheck Ttotal Status Flags
r-devel-linux-x86_64-debian-clang 0.6.1 2.40 27.86 30.26 NOTE
r-devel-linux-x86_64-debian-gcc 0.6.1 1.86 22.14 24.00 NOTE
r-devel-linux-x86_64-fedora-clang 0.6.1 49.67 NOTE
r-devel-linux-x86_64-fedora-gcc 0.6.1 46.63 NOTE
r-devel-windows-x86_64 0.6.1 19.00 57.00 76.00 NOTE
r-patched-linux-x86_64 0.6.1 2.37 26.52 28.89 NOTE
r-release-linux-x86_64 0.6.1 2.29 27.42 29.71 NOTE
r-release-macos-arm64 0.6.1 17.00 NOTE
r-release-macos-x86_64 0.6.1 23.00 NOTE
r-release-windows-x86_64 0.6.1 19.00 58.00 77.00 NOTE
r-oldrel-macos-arm64 0.6.1 26.00 NOTE
r-oldrel-macos-x86_64 0.6.1 28.00 NOTE
r-oldrel-windows-ix86+x86_64 0.6.1 7.00 51.00 58.00 NOTE

Check Details

Version: 0.6.1
Check: LazyData
Result: NOTE
     'LazyData' is specified without a 'data' directory
Flavors: r-devel-linux-x86_64-debian-clang, r-devel-linux-x86_64-debian-gcc, r-devel-linux-x86_64-fedora-clang, r-devel-linux-x86_64-fedora-gcc, r-devel-windows-x86_64, r-patched-linux-x86_64, r-release-linux-x86_64, r-release-macos-arm64, r-release-macos-x86_64, r-release-windows-x86_64, r-oldrel-macos-arm64, r-oldrel-macos-x86_64, r-oldrel-windows-ix86+x86_64