CRAN Package Check Results for Package adlift

Last updated on 2024-03-02 07:49:55 CET.

Flavor Version Tinstall Tcheck Ttotal Status Flags
r-devel-linux-x86_64-debian-clang 1.4-5 11.06 66.88 77.94 NOTE
r-devel-linux-x86_64-debian-gcc 1.4-5 7.05 50.43 57.48 NOTE
r-devel-linux-x86_64-fedora-clang 1.4-5 92.32 NOTE
r-devel-linux-x86_64-fedora-gcc 1.4-5 98.38 NOTE
r-devel-windows-x86_64 1.4-5 10.00 78.00 88.00 OK
r-patched-linux-x86_64 1.4-5 11.16 63.91 75.07 OK
r-release-linux-x86_64 1.4-5 10.53 64.73 75.26 OK
r-release-macos-arm64 1.4-5 31.00 OK
r-release-macos-x86_64 1.4-5 49.00 OK
r-release-windows-x86_64 1.4-5 10.00 83.00 93.00 OK
r-oldrel-macos-arm64 1.4-5 29.00 OK
r-oldrel-windows-x86_64 1.4-5 12.00 88.00 100.00 OK

Check Details

Version: 1.4-5
Check: Rd files
Result: NOTE checkRd: (-1) Amatdual.Rd:15: Lost braces 15 | \item{removelist}{a vector of indices into env{X} of the lifted coefficients during the transform (in the order of removal). } | ^ checkRd: (-1) fwtnp.Rd:30: Lost braces 30 | Given \eqn{n} points on a line, \env{input}, each with a corresponding env{f} value this algorithm computes a lifting transform of the (\env{input},\env{f}) data. If lengths are inputted (\env{inputtype="lengths"}), then the gridpoints are taken to be the left endpoints of the intervals defined by the lengths inputted. | ^ Flavors: r-devel-linux-x86_64-debian-clang, r-devel-linux-x86_64-debian-gcc, r-devel-linux-x86_64-fedora-clang, r-devel-linux-x86_64-fedora-gcc