CRAN Package Check Results for Package admisc

Last updated on 2020-08-14 00:47:10 CEST.

Flavor Version Tinstall Tcheck Ttotal Status Flags
r-devel-linux-x86_64-debian-clang 0.8 5.44 37.76 43.20 OK
r-devel-linux-x86_64-debian-gcc 0.8 4.44 30.12 34.56 OK
r-devel-linux-x86_64-fedora-clang 0.8 60.61 NOTE
r-devel-linux-x86_64-fedora-gcc 0.8 51.66 OK
r-devel-windows-ix86+x86_64 0.8 14.00 44.00 58.00 OK
r-patched-linux-x86_64 0.8 5.47 38.50 43.97 OK
r-patched-solaris-x86 0.8 72.80 OK
r-release-linux-x86_64 0.8 5.99 38.21 44.20 OK
r-release-macos-x86_64 0.8 OK
r-release-windows-ix86+x86_64 0.8 13.00 42.00 55.00 OK
r-oldrel-macos-x86_64 0.8 OK
r-oldrel-windows-ix86+x86_64 0.8 11.00 59.00 70.00 OK

Additional issues

MKL

Check Details

Version: 0.8
Check: Rd cross-references
Result: NOTE
    Undeclared package ‘car’ in Rd xrefs
Flavor: r-devel-linux-x86_64-fedora-clang