Last updated on 2023-12-11 21:00:16 CET.
Flavor | Version | Tinstall | Tcheck | Ttotal | Status | Flags |
---|---|---|---|---|---|---|
r-devel-linux-x86_64-debian-clang | 0.1.0 | 2.58 | 24.65 | 27.23 | NOTE | |
r-devel-linux-x86_64-debian-gcc | 0.1.0 | 1.88 | 19.24 | 21.12 | NOTE | |
r-devel-linux-x86_64-fedora-clang | 0.1.0 | 36.50 | NOTE | |||
r-devel-linux-x86_64-fedora-gcc | 0.1.0 | 43.40 | NOTE | |||
r-devel-windows-x86_64 | 0.1.0 | 4.00 | 42.00 | 46.00 | NOTE | |
r-patched-linux-x86_64 | 0.1.0 | 2.59 | 23.89 | 26.48 | NOTE | |
r-release-linux-x86_64 | 0.1.0 | 2.05 | 23.99 | 26.04 | NOTE | |
r-release-macos-arm64 | 0.1.0 | 23.00 | NOTE | |||
r-release-macos-x86_64 | 0.1.0 | 30.00 | NOTE | |||
r-release-windows-x86_64 | 0.1.0 | 3.00 | 42.00 | 45.00 | NOTE | |
r-oldrel-macos-arm64 | 0.1.0 | 19.00 | NOTE | |||
r-oldrel-macos-x86_64 | 0.1.0 | 21.00 | NOTE | |||
r-oldrel-windows-x86_64 | 0.1.0 | 4.00 | 44.00 | 48.00 | NOTE |
Version: 0.1.0
Check: LazyData
Result: NOTE
'LazyData' is specified without a 'data' directory
Flavors: r-devel-linux-x86_64-debian-clang, r-devel-linux-x86_64-debian-gcc, r-devel-linux-x86_64-fedora-clang, r-devel-linux-x86_64-fedora-gcc, r-devel-windows-x86_64, r-patched-linux-x86_64, r-release-linux-x86_64, r-release-macos-arm64, r-release-macos-x86_64, r-release-windows-x86_64, r-oldrel-macos-arm64, r-oldrel-macos-x86_64, r-oldrel-windows-x86_64
Version: 0.1.0
Check: dependencies in R code
Result: NOTE
Namespace in Imports field not imported from: ‘Rdpack’
All declared Imports should be used.
Flavors: r-devel-linux-x86_64-fedora-clang, r-devel-linux-x86_64-fedora-gcc, r-oldrel-macos-x86_64