CRAN Package Check Results for Package admmDensestSubmatrix

Last updated on 2020-12-01 12:49:12 CET.

Flavor Version Tinstall Tcheck Ttotal Status Flags
r-devel-linux-x86_64-debian-clang 0.1.0 3.30 23.00 26.30 OK
r-devel-linux-x86_64-debian-gcc 0.1.0 2.40 20.65 23.05 OK
r-devel-linux-x86_64-fedora-clang 0.1.0 38.07 NOTE
r-devel-linux-x86_64-fedora-gcc 0.1.0 29.41 NOTE
r-devel-windows-ix86+x86_64 0.1.0 5.00 37.00 42.00 OK
r-patched-linux-x86_64 0.1.0 2.81 24.27 27.08 OK
r-patched-solaris-x86 0.1.0 45.80 NOTE
r-release-linux-x86_64 0.1.0 2.34 23.59 25.93 OK
r-release-macos-x86_64 0.1.0 NOTE
r-release-windows-ix86+x86_64 0.1.0 6.00 31.00 37.00 OK
r-oldrel-macos-x86_64 0.1.0 NOTE
r-oldrel-windows-ix86+x86_64 0.1.0 3.00 35.00 38.00 OK

Check Details

Version: 0.1.0
Check: dependencies in R code
Result: NOTE
    Namespace in Imports field not imported from: ‘Rdpack’
     All declared Imports should be used.
Flavors: r-devel-linux-x86_64-fedora-clang, r-devel-linux-x86_64-fedora-gcc, r-patched-solaris-x86, r-release-macos-x86_64, r-oldrel-macos-x86_64