CRAN Package Check Results for Package adoptr

Last updated on 2020-04-08 11:48:00 CEST.

Flavor Version Tinstall Tcheck Ttotal Status Flags
r-devel-linux-x86_64-debian-clang 0.3.2 6.13 111.99 118.12 OK
r-devel-linux-x86_64-debian-gcc 0.3.2 5.54 88.08 93.62 OK
r-devel-linux-x86_64-fedora-clang 0.3.2 137.25 OK
r-devel-linux-x86_64-fedora-gcc 0.3.2 139.76 OK
r-devel-windows-ix86+x86_64 0.3.2 15.00 128.00 143.00 OK
r-devel-windows-ix86+x86_64-gcc8 0.3.2 13.00 123.00 136.00 OK
r-patched-linux-x86_64 0.3.2 5.60 107.53 113.13 ERROR
r-patched-solaris-x86 0.3.2 176.10 ERROR
r-release-linux-x86_64 0.3.2 5.33 99.46 104.79 OK
r-release-windows-ix86+x86_64 0.3.2 10.00 169.00 179.00 OK
r-release-osx-x86_64 0.3.2 OK
r-oldrel-windows-ix86+x86_64 0.3.2 12.00 155.00 167.00 OK
r-oldrel-osx-x86_64 0.3.2 OK

Check Details

Version: 0.3.2
Check: tests
Result: ERROR
     Running ‘testthat.R’ [36s/40s]
    Running the tests in ‘tests/testthat.R’ failed.
    Complete output:
     > library(testthat)
     > library(adoptr)
    
     Attaching package: 'adoptr'
    
     The following object is masked from 'package:testthat':
    
     expectation
    
     >
     > test_check("adoptr")
     ── 1. Failure: Approximation works in cdf (@test_BinomialDistribution.R#107) ──
     mean(pval_H1 <= alpha) not equal to 1 - beta.
     1/1 mismatches
     [1] 0.811 - 0.8 == 0.0113
    
     ══ testthat results ═══════════════════════════════════════════════════════════
     [ OK: 246 | SKIPPED: 0 | WARNINGS: 0 | FAILED: 1 ]
     1. Failure: Approximation works in cdf (@test_BinomialDistribution.R#107)
    
     Error: testthat unit tests failed
     Execution halted
Flavor: r-patched-linux-x86_64

Version: 0.3.2
Check: tests
Result: ERROR
     Running ‘testthat.R’ [52s/66s]
    Running the tests in ‘tests/testthat.R’ failed.
    Complete output:
     > library(testthat)
     > library(adoptr)
    
     Attaching package: 'adoptr'
    
     The following object is masked from 'package:testthat':
    
     expectation
    
     >
     > test_check("adoptr")
     ── 1. Failure: Approximation works in cdf (@test_BinomialDistribution.R#107) ──
     mean(pval_H1 <= alpha) not equal to 1 - beta.
     1/1 mismatches
     [1] 0.811 - 0.8 == 0.0114
    
     ══ testthat results ═══════════════════════════════════════════════════════════
     [ OK: 246 | SKIPPED: 0 | WARNINGS: 0 | FAILED: 1 ]
     1. Failure: Approximation works in cdf (@test_BinomialDistribution.R#107)
    
     Error: testthat unit tests failed
     Execution halted
Flavor: r-patched-solaris-x86