CRAN Package Check Results for Package adsDataHubR

Last updated on 2022-08-11 03:52:00 CEST.

Flavor Version Tinstall Tcheck Ttotal Status Flags
r-devel-linux-x86_64-debian-clang 0.1.1 3.18 31.16 34.34 NOTE
r-devel-linux-x86_64-debian-gcc 0.1.1 2.52 24.48 27.00 NOTE
r-devel-linux-x86_64-fedora-clang 0.1.1 51.45 NOTE
r-devel-linux-x86_64-fedora-gcc 0.1.1 51.18 NOTE
r-devel-windows-x86_64 0.1.1 12.00 55.00 67.00 NOTE
r-patched-linux-x86_64 0.1.1 2.78 30.52 33.30 NOTE
r-release-linux-x86_64 0.1.1 NOTE
r-release-macos-arm64 0.1.1 18.00 NOTE
r-release-macos-x86_64 0.1.1 25.00 NOTE
r-release-windows-x86_64 0.1.1 10.00 55.00 65.00 NOTE
r-oldrel-macos-arm64 0.1.1 27.00 NOTE
r-oldrel-macos-x86_64 0.1.1 29.00 NOTE
r-oldrel-windows-ix86+x86_64 0.1.1 7.00 47.00 54.00 NOTE

Check Details

Version: 0.1.1
Check: LazyData
Result: NOTE
     'LazyData' is specified without a 'data' directory
Flavors: r-devel-linux-x86_64-debian-clang, r-devel-linux-x86_64-debian-gcc, r-devel-linux-x86_64-fedora-clang, r-devel-linux-x86_64-fedora-gcc, r-devel-windows-x86_64, r-patched-linux-x86_64, r-release-linux-x86_64, r-release-macos-arm64, r-release-macos-x86_64, r-release-windows-x86_64, r-oldrel-macos-arm64, r-oldrel-macos-x86_64, r-oldrel-windows-ix86+x86_64