CRAN Package Check Results for Package adsDataHubR

Last updated on 2021-09-16 22:55:22 CEST.

Flavor Version Tinstall Tcheck Ttotal Status Flags
r-devel-linux-x86_64-debian-clang 0.1.1 3.48 32.61 36.09 NOTE
r-devel-linux-x86_64-debian-gcc 0.1.1 2.76 25.62 28.38 NOTE
r-devel-linux-x86_64-fedora-clang 0.1.1 52.89 NOTE
r-devel-linux-x86_64-fedora-gcc 0.1.1 41.46 NOTE
r-devel-windows-x86_64 0.1.1 4.00 49.00 53.00 NOTE
r-devel-windows-x86_64-gcc10-UCRT 0.1.1 NOTE
r-patched-linux-x86_64 0.1.1 3.62 31.91 35.53 NOTE
r-patched-solaris-x86 0.1.1 66.70 NOTE
r-release-linux-x86_64 0.1.1 3.32 31.90 35.22 NOTE
r-release-macos-arm64 0.1.1 NOTE
r-release-macos-x86_64 0.1.1 NOTE
r-release-windows-ix86+x86_64 0.1.1 9.00 49.00 58.00 NOTE
r-oldrel-macos-x86_64 0.1.1 OK
r-oldrel-windows-ix86+x86_64 0.1.1 7.00 47.00 54.00 OK

Check Details

Version: 0.1.1
Check: LazyData
Result: NOTE
     'LazyData' is specified without a 'data' directory
Flavors: r-devel-linux-x86_64-debian-clang, r-devel-linux-x86_64-debian-gcc, r-devel-linux-x86_64-fedora-clang, r-devel-linux-x86_64-fedora-gcc, r-devel-windows-x86_64, r-devel-windows-x86_64-gcc10-UCRT, r-patched-linux-x86_64, r-patched-solaris-x86, r-release-linux-x86_64, r-release-macos-arm64, r-release-macos-x86_64, r-release-windows-ix86+x86_64