Last updated on 2023-04-01 21:54:00 CEST.
Flavor | Version | Tinstall | Tcheck | Ttotal | Status | Flags |
---|---|---|---|---|---|---|
r-devel-linux-x86_64-debian-clang | 0.1.8 | 5.83 | 42.07 | 47.90 | OK | |
r-devel-linux-x86_64-debian-gcc | 0.1.8 | 4.58 | 32.20 | 36.78 | OK | |
r-devel-linux-x86_64-fedora-clang | 0.1.8 | 57.96 | NOTE | |||
r-devel-linux-x86_64-fedora-gcc | 0.1.8 | 75.03 | NOTE | |||
r-devel-windows-x86_64 | 0.1.8 | 23.00 | 82.00 | 105.00 | NOTE | |
r-patched-linux-x86_64 | 0.1.8 | 5.59 | 39.59 | 45.18 | OK | |
r-release-linux-x86_64 | 0.1.8 | 5.31 | 41.32 | 46.63 | OK | |
r-release-macos-arm64 | 0.1.8 | 23.00 | NOTE | |||
r-release-macos-x86_64 | 0.1.8 | 45.00 | NOTE | |||
r-release-windows-x86_64 | 0.1.8 | 137.00 | 89.00 | 226.00 | NOTE | |
r-oldrel-macos-arm64 | 0.1.8 | 36.00 | NOTE | |||
r-oldrel-macos-x86_64 | 0.1.8 | 39.00 | NOTE | |||
r-oldrel-windows-ix86+x86_64 | 0.1.8 | 17.00 | 73.00 | 90.00 | NOTE |
Version: 0.1.8
Check: installed package size
Result: NOTE
installed size is 5.8Mb
sub-directories of 1Mb or more:
tutorials 5.6Mb
Flavors: r-devel-linux-x86_64-fedora-clang, r-devel-windows-x86_64, r-release-macos-arm64, r-release-macos-x86_64, r-release-windows-x86_64, r-oldrel-macos-arm64, r-oldrel-macos-x86_64, r-oldrel-windows-ix86+x86_64
Version: 0.1.8
Check: dependencies in R code
Result: NOTE
Namespaces in Imports field not imported from:
‘BayesFactor’ ‘GGally’ ‘Hmisc’ ‘WRS2’ ‘boot’ ‘car’ ‘dplyr’ ‘effects’
‘effsize’ ‘forcats’ ‘ggplot2’ ‘lm.beta’ ‘nlme’ ‘readr’ ‘robust’
‘sandwich’ ‘sjstats’ ‘tidyr’
All declared Imports should be used.
Flavors: r-devel-linux-x86_64-fedora-clang, r-devel-linux-x86_64-fedora-gcc, r-release-macos-arm64, r-release-macos-x86_64, r-oldrel-macos-arm64, r-oldrel-macos-x86_64
Version: 0.1.8
Check: R code for possible problems
Result: NOTE
Initiating curl with CURL_SSL_BACKEND: openssl
Flavor: r-oldrel-windows-ix86+x86_64