CRAN Package Check Results for Package adventr

Last updated on 2022-08-14 23:53:57 CEST.

Flavor Version Tinstall Tcheck Ttotal Status Flags
r-devel-linux-x86_64-debian-clang 0.1.8 5.65 43.46 49.11 OK
r-devel-linux-x86_64-debian-gcc 0.1.8 4.70 33.33 38.03 OK
r-devel-linux-x86_64-fedora-clang 0.1.8 73.22 NOTE
r-devel-linux-x86_64-fedora-gcc 0.1.8 76.17 NOTE
r-devel-windows-x86_64 0.1.8 164.00 83.00 247.00 NOTE
r-patched-linux-x86_64 0.1.8 6.44 41.38 47.82 OK
r-release-linux-x86_64 0.1.8 5.16 41.82 46.98 OK
r-release-macos-arm64 0.1.8 23.00 NOTE
r-release-macos-x86_64 0.1.8 45.00 NOTE
r-release-windows-x86_64 0.1.8 128.00 84.00 212.00 NOTE
r-oldrel-macos-arm64 0.1.8 36.00 NOTE
r-oldrel-macos-x86_64 0.1.8 39.00 NOTE
r-oldrel-windows-ix86+x86_64 0.1.8 18.00 68.00 86.00 NOTE

Check Details

Version: 0.1.8
Check: installed package size
Result: NOTE
     installed size is 5.8Mb
     sub-directories of 1Mb or more:
     tutorials 5.6Mb
Flavors: r-devel-linux-x86_64-fedora-clang, r-devel-windows-x86_64, r-release-macos-arm64, r-release-macos-x86_64, r-release-windows-x86_64, r-oldrel-macos-arm64, r-oldrel-macos-x86_64, r-oldrel-windows-ix86+x86_64

Version: 0.1.8
Check: dependencies in R code
Result: NOTE
    Namespaces in Imports field not imported from:
     ‘BayesFactor’ ‘GGally’ ‘Hmisc’ ‘WRS2’ ‘boot’ ‘car’ ‘dplyr’ ‘effects’
     ‘effsize’ ‘forcats’ ‘ggplot2’ ‘lm.beta’ ‘nlme’ ‘readr’ ‘robust’
     ‘sandwich’ ‘sjstats’ ‘tidyr’
     All declared Imports should be used.
Flavors: r-devel-linux-x86_64-fedora-clang, r-devel-linux-x86_64-fedora-gcc, r-release-macos-arm64, r-release-macos-x86_64, r-oldrel-macos-arm64, r-oldrel-macos-x86_64