CRAN Package Check Results for Package adventr

Last updated on 2020-08-12 20:46:49 CEST.

Flavor Version Tinstall Tcheck Ttotal Status Flags
r-devel-linux-x86_64-debian-clang 0.1.8 1.25 2.56 3.81 ERROR
r-devel-linux-x86_64-debian-gcc 0.1.8 4.08 27.32 31.40 OK
r-devel-linux-x86_64-fedora-clang 0.1.8 58.01 NOTE
r-devel-linux-x86_64-fedora-gcc 0.1.8 47.75 NOTE
r-devel-windows-ix86+x86_64 0.1.8 34.00 76.00 110.00 NOTE
r-patched-linux-x86_64 0.1.8 4.30 34.63 38.93 OK
r-patched-solaris-x86 0.1.8 75.90 NOTE
r-release-linux-x86_64 0.1.8 0.71 2.58 3.29 ERROR
r-release-macos-x86_64 0.1.8 NOTE
r-release-windows-ix86+x86_64 0.1.8 34.00 82.00 116.00 NOTE
r-oldrel-macos-x86_64 0.1.8 NOTE
r-oldrel-windows-ix86+x86_64 0.1.8 16.00 52.00 68.00 NOTE

Check Details

Version: 0.1.8
Check: package dependencies
Result: ERROR
    Packages required but not available: 'sjstats', 'tidyr'
    
    See section 'The DESCRIPTION file' in the 'Writing R Extensions'
    manual.
Flavors: r-devel-linux-x86_64-debian-clang, r-release-linux-x86_64

Version: 0.1.8
Check: installed package size
Result: NOTE
     installed size is 5.8Mb
     sub-directories of 1Mb or more:
     tutorials 5.6Mb
Flavors: r-devel-linux-x86_64-fedora-clang, r-devel-windows-ix86+x86_64, r-patched-solaris-x86, r-release-macos-x86_64, r-release-windows-ix86+x86_64, r-oldrel-macos-x86_64, r-oldrel-windows-ix86+x86_64

Version: 0.1.8
Check: dependencies in R code
Result: NOTE
    Namespaces in Imports field not imported from:
     ‘BayesFactor’ ‘GGally’ ‘Hmisc’ ‘WRS2’ ‘boot’ ‘car’ ‘dplyr’ ‘effects’
     ‘effsize’ ‘forcats’ ‘ggplot2’ ‘lm.beta’ ‘nlme’ ‘readr’ ‘robust’
     ‘sandwich’ ‘sjstats’ ‘tidyr’
     All declared Imports should be used.
Flavors: r-devel-linux-x86_64-fedora-clang, r-devel-linux-x86_64-fedora-gcc, r-patched-solaris-x86, r-release-macos-x86_64, r-oldrel-macos-x86_64