CRAN Package Check Results for Package adwordsR

Last updated on 2022-08-09 06:50:09 CEST.

Flavor Version Tinstall Tcheck Ttotal Status Flags
r-devel-linux-x86_64-debian-clang 0.3.1 2.20 25.57 27.77 NOTE
r-devel-linux-x86_64-debian-gcc 0.3.1 1.70 19.76 21.46 NOTE
r-devel-linux-x86_64-fedora-clang 0.3.1 50.99 NOTE
r-devel-linux-x86_64-fedora-gcc 0.3.1 43.02 NOTE
r-devel-windows-x86_64 0.3.1 38.00 49.00 87.00 NOTE
r-patched-linux-x86_64 0.3.1 2.17 24.15 26.32 NOTE
r-release-linux-x86_64 0.3.1 NOTE
r-release-macos-arm64 0.3.1 17.00 NOTE
r-release-macos-x86_64 0.3.1 21.00 NOTE
r-release-windows-x86_64 0.3.1 48.00 55.00 103.00 NOTE
r-oldrel-macos-arm64 0.3.1 23.00 NOTE
r-oldrel-macos-x86_64 0.3.1 31.00 NOTE
r-oldrel-windows-ix86+x86_64 0.3.1 6.00 41.00 47.00 NOTE

Check Details

Version: 0.3.1
Check: LazyData
Result: NOTE
     'LazyData' is specified without a 'data' directory
Flavors: r-devel-linux-x86_64-debian-clang, r-devel-linux-x86_64-debian-gcc, r-devel-linux-x86_64-fedora-clang, r-devel-linux-x86_64-fedora-gcc, r-devel-windows-x86_64, r-patched-linux-x86_64, r-release-linux-x86_64, r-release-macos-arm64, r-release-macos-x86_64, r-release-windows-x86_64, r-oldrel-macos-arm64, r-oldrel-macos-x86_64, r-oldrel-windows-ix86+x86_64