CRAN Package Check Results for Package afc

Last updated on 2022-08-12 18:49:36 CEST.

Flavor Version Tinstall Tcheck Ttotal Status Flags
r-devel-linux-x86_64-debian-clang 1.4.0 2.54 30.89 33.43 NOTE
r-devel-linux-x86_64-debian-gcc 1.4.0 2.33 23.68 26.01 NOTE
r-devel-linux-x86_64-fedora-clang 1.4.0 49.59 NOTE
r-devel-linux-x86_64-fedora-gcc 1.4.0 49.84 NOTE
r-devel-windows-x86_64 1.4.0 15.00 52.00 67.00 NOTE
r-patched-linux-x86_64 1.4.0 3.04 29.19 32.23 OK
r-release-linux-x86_64 1.4.0 2.47 29.63 32.10 OK
r-release-macos-arm64 1.4.0 18.00 OK
r-release-macos-x86_64 1.4.0 27.00 OK
r-release-windows-x86_64 1.4.0 8.00 52.00 60.00 OK
r-oldrel-macos-arm64 1.4.0 22.00 OK
r-oldrel-macos-x86_64 1.4.0 34.00 OK
r-oldrel-windows-ix86+x86_64 1.4.0 5.00 41.00 46.00 OK

Check Details

Version: 1.4.0
Check: Rd files
Result: NOTE
    checkRd: (-1) cnrm.nino34.cc.Rd:7: Escaped LaTeX specials: \$
    checkRd: (-1) cnrm.nino34.cc.Rd:8: Escaped LaTeX specials: \$
    checkRd: (-1) cnrm.nino34.cc.Rd:9: Escaped LaTeX specials: \$
    checkRd: (-1) cnrm.nino34.ce.Rd:7: Escaped LaTeX specials: \$
    checkRd: (-1) cnrm.nino34.ce.Rd:8: Escaped LaTeX specials: \$
    checkRd: (-1) cnrm.nino34.ce.Rd:9: Escaped LaTeX specials: \$
    checkRd: (-1) cnrm.nino34.dc.Rd:7: Escaped LaTeX specials: \$
    checkRd: (-1) cnrm.nino34.dc.Rd:8: Escaped LaTeX specials: \$
    checkRd: (-1) cnrm.nino34.dc.Rd:9: Escaped LaTeX specials: \$
    checkRd: (-1) cnrm.nino34.dd.Rd:7: Escaped LaTeX specials: \$
    checkRd: (-1) cnrm.nino34.dd.Rd:8: Escaped LaTeX specials: \$
    checkRd: (-1) cnrm.nino34.dd.Rd:9: Escaped LaTeX specials: \$
    checkRd: (-1) cnrm.nino34.de.Rd:7: Escaped LaTeX specials: \$
    checkRd: (-1) cnrm.nino34.de.Rd:8: Escaped LaTeX specials: \$
    checkRd: (-1) cnrm.nino34.de.Rd:9: Escaped LaTeX specials: \$
    checkRd: (-1) cnrm.nino34.dm.Rd:7: Escaped LaTeX specials: \$
    checkRd: (-1) cnrm.nino34.dm.Rd:8: Escaped LaTeX specials: \$
    checkRd: (-1) cnrm.nino34.dm.Rd:9: Escaped LaTeX specials: \$
    checkRd: (-1) cnrm.nino34.dp.Rd:7: Escaped LaTeX specials: \$
    checkRd: (-1) cnrm.nino34.dp.Rd:8: Escaped LaTeX specials: \$
    checkRd: (-1) cnrm.nino34.dp.Rd:9: Escaped LaTeX specials: \$
    checkRd: (-1) cnrm.nino34.mc.Rd:7: Escaped LaTeX specials: \$
    checkRd: (-1) cnrm.nino34.mc.Rd:8: Escaped LaTeX specials: \$
    checkRd: (-1) cnrm.nino34.mc.Rd:9: Escaped LaTeX specials: \$
    checkRd: (-1) cnrm.nino34.me.Rd:7: Escaped LaTeX specials: \$
    checkRd: (-1) cnrm.nino34.me.Rd:8: Escaped LaTeX specials: \$
    checkRd: (-1) cnrm.nino34.me.Rd:9: Escaped LaTeX specials: \$
    checkRd: (-1) cnrm.nino34.mm.Rd:7: Escaped LaTeX specials: \$
    checkRd: (-1) cnrm.nino34.mm.Rd:8: Escaped LaTeX specials: \$
    checkRd: (-1) cnrm.nino34.mm.Rd:9: Escaped LaTeX specials: \$
    checkRd: (-1) cnrm.nino34.mp.Rd:7: Escaped LaTeX specials: \$
    checkRd: (-1) cnrm.nino34.mp.Rd:8: Escaped LaTeX specials: \$
    checkRd: (-1) cnrm.nino34.mp.Rd:9: Escaped LaTeX specials: \$
Flavors: r-devel-linux-x86_64-debian-clang, r-devel-linux-x86_64-debian-gcc, r-devel-linux-x86_64-fedora-clang, r-devel-linux-x86_64-fedora-gcc, r-devel-windows-x86_64