CRAN Package Check Results for Package afcharts

Last updated on 2025-01-24 13:49:17 CET.

Flavor Version Tinstall Tcheck Ttotal Status Flags
r-devel-linux-x86_64-debian-clang 0.4.1 3.14 62.22 65.36 NOTE
r-devel-linux-x86_64-debian-gcc 0.4.1 1.89 46.75 48.64 NOTE
r-devel-linux-x86_64-fedora-clang 0.4.1 110.19 OK
r-devel-linux-x86_64-fedora-gcc 0.4.1 115.00 OK
r-devel-windows-x86_64 0.4.1 5.00 78.00 83.00 OK
r-patched-linux-x86_64 0.4.1 3.14 59.26 62.40 OK
r-release-linux-x86_64 0.4.1 2.90 59.18 62.08 OK
r-release-macos-arm64 0.4.1 45.00 OK
r-release-macos-x86_64 0.4.1 77.00 OK
r-release-windows-x86_64 0.4.1 5.00 76.00 81.00 OK
r-oldrel-macos-arm64 0.4.1 47.00 OK
r-oldrel-macos-x86_64 0.4.1 88.00 OK
r-oldrel-windows-x86_64 0.4.1 6.00 91.00 97.00 OK

Check Details

Version: 0.4.1
Check: DESCRIPTION meta-information
Result: NOTE Missing dependency on R >= 4.1.0 because package code uses the pipe |> or function shorthand \(...) syntax added in R 4.1.0. File(s) using such syntax: ‘colour_table.R’ Flavors: r-devel-linux-x86_64-debian-clang, r-devel-linux-x86_64-debian-gcc