CRAN Package Check Results for Package afdx

Last updated on 2022-08-14 23:53:57 CEST.

Flavor Version Tinstall Tcheck Ttotal Status Flags
r-devel-linux-x86_64-debian-clang 1.1.1 6.37 85.83 92.20 NOTE
r-devel-linux-x86_64-debian-gcc 1.1.1 5.18 63.90 69.08 NOTE
r-devel-linux-x86_64-fedora-clang 1.1.1 120.12 NOTE
r-devel-linux-x86_64-fedora-gcc 1.1.1 115.49 NOTE
r-devel-windows-x86_64 1.1.1 16.00 117.00 133.00 NOTE
r-patched-linux-x86_64 1.1.1 5.54 80.48 86.02 OK
r-release-linux-x86_64 1.1.1 6.38 79.20 85.58 OK
r-release-macos-arm64 1.1.1 34.00 OK
r-release-macos-x86_64 1.1.1 66.00 NOTE
r-release-windows-x86_64 1.1.1 16.00 119.00 135.00 OK
r-oldrel-macos-arm64 1.1.1 47.00 NOTE
r-oldrel-macos-x86_64 1.1.1 56.00 OK
r-oldrel-windows-ix86+x86_64 1.1.1 15.00 109.00 124.00 OK

Check Details

Version: 1.1.1
Check: package subdirectories
Result: NOTE
    Problems with news in 'NEWS.md':
    No news entries found.
Flavors: r-devel-linux-x86_64-debian-clang, r-devel-linux-x86_64-debian-gcc, r-devel-linux-x86_64-fedora-clang, r-devel-linux-x86_64-fedora-gcc, r-devel-windows-x86_64

Version: 1.1.1
Check: package dependencies
Result: NOTE
    Package suggested but not available for checking: ‘rjags’
Flavors: r-release-macos-x86_64, r-oldrel-macos-arm64