CRAN Package Check Results for Package afex

Last updated on 2019-11-18 04:46:23 CET.

Flavor Version Tinstall Tcheck Ttotal Status Flags
r-devel-linux-x86_64-debian-clang 0.25-1 14.05 382.91 396.96 OK
r-devel-linux-x86_64-debian-gcc 0.25-1 10.68 301.37 312.05 OK
r-devel-linux-x86_64-fedora-clang 0.25-1 504.69 OK
r-devel-linux-x86_64-fedora-gcc 0.25-1 473.49 OK
r-devel-windows-ix86+x86_64 0.25-1 60.00 510.00 570.00 OK
r-patched-linux-x86_64 0.25-1 12.37 365.57 377.94 OK
r-patched-solaris-x86 0.25-1 721.90 NOTE
r-release-linux-x86_64 0.25-1 12.04 364.01 376.05 OK
r-release-windows-ix86+x86_64 0.25-1 32.00 383.00 415.00 OK
r-release-osx-x86_64 0.25-1 OK
r-oldrel-windows-ix86+x86_64 0.25-1 18.00 384.00 402.00 OK
r-oldrel-osx-x86_64 0.25-1 OK

Check Details

Version: 0.25-1
Check: installed package size
Result: NOTE
     installed size is 5.6Mb
     sub-directories of 1Mb or more:
     doc 2.9Mb
     extdata 1.9Mb
Flavor: r-patched-solaris-x86