CRAN Package Check Results for Package afex

Last updated on 2020-08-15 15:46:41 CEST.

Flavor Version Tinstall Tcheck Ttotal Status Flags
r-devel-linux-x86_64-debian-clang 0.27-2 13.99 402.03 416.02 OK
r-devel-linux-x86_64-debian-gcc 0.27-2 12.61 295.16 307.77 OK
r-devel-linux-x86_64-fedora-clang 0.27-2 508.43 NOTE
r-devel-linux-x86_64-fedora-gcc 0.27-2 499.55 OK
r-devel-windows-ix86+x86_64 0.27-2 50.00 406.00 456.00 OK
r-patched-linux-x86_64 0.27-2 15.49 375.65 391.14 NOTE
r-patched-solaris-x86 0.27-2 903.00 NOTE
r-release-linux-x86_64 0.27-2 14.93 385.27 400.20 OK
r-release-macos-x86_64 0.27-2 OK
r-release-windows-ix86+x86_64 0.27-2 50.00 416.00 466.00 OK
r-oldrel-macos-x86_64 0.27-2 OK
r-oldrel-windows-ix86+x86_64 0.27-2 25.00 392.00 417.00 OK

Check Details

Version: 0.27-2
Check: Rd cross-references
Result: NOTE
    Undeclared package ‘ez’ in Rd xrefs
Flavor: r-devel-linux-x86_64-fedora-clang

Version: 0.27-2
Check: package dependencies
Result: NOTE
    Package suggested but not available for checking: ‘rstanarm’
Flavor: r-patched-linux-x86_64

Version: 0.27-2
Check: installed package size
Result: NOTE
     installed size is 5.4Mb
     sub-directories of 1Mb or more:
     doc 2.6Mb
     extdata 1.9Mb
Flavor: r-patched-solaris-x86