Last updated on 2023-03-24 06:50:29 CET.
Flavor | Version | Tinstall | Tcheck | Ttotal | Status | Flags |
---|---|---|---|---|---|---|
r-devel-linux-x86_64-debian-clang | 0.1.0 | 4.18 | 45.80 | 49.98 | NOTE | |
r-devel-linux-x86_64-debian-gcc | 0.1.0 | 2.79 | 36.52 | 39.31 | NOTE | |
r-devel-linux-x86_64-fedora-clang | 0.1.0 | 61.67 | NOTE | |||
r-devel-linux-x86_64-fedora-gcc | 0.1.0 | 57.53 | NOTE | |||
r-devel-windows-x86_64 | 0.1.0 | 38.00 | 79.00 | 117.00 | NOTE | |
r-patched-linux-x86_64 | 0.1.0 | 4.20 | 46.55 | 50.75 | NOTE | |
r-release-linux-x86_64 | 0.1.0 | 3.63 | 47.24 | 50.87 | NOTE | |
r-release-macos-arm64 | 0.1.0 | 23.00 | NOTE | |||
r-release-macos-x86_64 | 0.1.0 | 40.00 | NOTE | |||
r-release-windows-x86_64 | 0.1.0 | 28.00 | 85.00 | 113.00 | NOTE | |
r-oldrel-macos-arm64 | 0.1.0 | 30.00 | NOTE | |||
r-oldrel-macos-x86_64 | 0.1.0 | 33.00 | NOTE | |||
r-oldrel-windows-ix86+x86_64 | 0.1.0 | 9.00 | 72.00 | 81.00 | NOTE |
Version: 0.1.0
Check: LazyData
Result: NOTE
'LazyData' is specified without a 'data' directory
Flavors: r-devel-linux-x86_64-debian-clang, r-devel-linux-x86_64-debian-gcc, r-devel-linux-x86_64-fedora-clang, r-devel-linux-x86_64-fedora-gcc, r-devel-windows-x86_64, r-patched-linux-x86_64, r-release-linux-x86_64, r-release-macos-arm64, r-release-macos-x86_64, r-release-windows-x86_64, r-oldrel-macos-arm64, r-oldrel-macos-x86_64, r-oldrel-windows-ix86+x86_64