CRAN Package Check Results for Package affinitymatrix

Last updated on 2022-08-09 06:50:09 CEST.

Flavor Version Tinstall Tcheck Ttotal Status Flags
r-devel-linux-x86_64-debian-clang 0.1.0 4.28 46.98 51.26 NOTE
r-devel-linux-x86_64-debian-gcc 0.1.0 3.02 37.79 40.81 NOTE
r-devel-linux-x86_64-fedora-clang 0.1.0 69.73 NOTE
r-devel-linux-x86_64-fedora-gcc 0.1.0 68.61 NOTE
r-devel-windows-x86_64 0.1.0 45.00 73.00 118.00 NOTE
r-patched-linux-x86_64 0.1.0 2.73 46.16 48.89 NOTE
r-release-linux-x86_64 0.1.0 NOTE
r-release-macos-arm64 0.1.0 23.00 NOTE
r-release-macos-x86_64 0.1.0 40.00 NOTE
r-release-windows-x86_64 0.1.0 50.00 72.00 122.00 NOTE
r-oldrel-macos-arm64 0.1.0 30.00 NOTE
r-oldrel-macos-x86_64 0.1.0 33.00 NOTE
r-oldrel-windows-ix86+x86_64 0.1.0 11.00 67.00 78.00 NOTE

Check Details

Version: 0.1.0
Check: LazyData
Result: NOTE
     'LazyData' is specified without a 'data' directory
Flavors: r-devel-linux-x86_64-debian-clang, r-devel-linux-x86_64-debian-gcc, r-devel-linux-x86_64-fedora-clang, r-devel-linux-x86_64-fedora-gcc, r-devel-windows-x86_64, r-patched-linux-x86_64, r-release-linux-x86_64, r-release-macos-arm64, r-release-macos-x86_64, r-release-windows-x86_64, r-oldrel-macos-arm64, r-oldrel-macos-x86_64, r-oldrel-windows-ix86+x86_64