CRAN Package Check Results for Package afmToolkit

Last updated on 2023-02-05 18:54:54 CET.

Flavor Version Tinstall Tcheck Ttotal Status Flags
r-devel-linux-x86_64-debian-clang 0.0.1 7.62 74.69 82.31 OK
r-devel-linux-x86_64-debian-gcc 0.0.1 6.66 55.56 62.22 OK
r-devel-linux-x86_64-fedora-clang 0.0.1 109.03 NOTE
r-devel-linux-x86_64-fedora-gcc 0.0.1 95.44 NOTE
r-devel-windows-x86_64 0.0.1 29.00 110.00 139.00 OK
r-patched-linux-x86_64 0.0.1 8.44 70.33 78.77 OK
r-release-linux-x86_64 0.0.1 6.37 70.55 76.92 OK
r-release-macos-arm64 0.0.1 32.00 NOTE
r-release-macos-x86_64 0.0.1 47.00 NOTE
r-release-windows-x86_64 0.0.1 31.00 114.00 145.00 OK
r-oldrel-macos-arm64 0.0.1 44.00 NOTE
r-oldrel-macos-x86_64 0.0.1 57.00 NOTE
r-oldrel-windows-ix86+x86_64 0.0.1 16.00 99.00 115.00 OK

Check Details

Version: 0.0.1
Check: dependencies in R code
Result: NOTE
    Namespaces in Imports field not imported from:
     ‘DBI’ ‘assertthat’ ‘tibble’
     All declared Imports should be used.
Flavors: r-devel-linux-x86_64-fedora-clang, r-devel-linux-x86_64-fedora-gcc, r-release-macos-arm64, r-release-macos-x86_64, r-oldrel-macos-arm64, r-oldrel-macos-x86_64