Last updated on 2023-12-01 20:52:55 CET.
Flavor | Version | Tinstall | Tcheck | Ttotal | Status | Flags |
---|---|---|---|---|---|---|
r-devel-linux-x86_64-debian-clang | 0.0.1 | 7.85 | 74.16 | 82.01 | OK | |
r-devel-linux-x86_64-debian-gcc | 0.0.1 | 6.52 | 54.82 | 61.34 | OK | |
r-devel-linux-x86_64-fedora-clang | 0.0.1 | 99.49 | NOTE | |||
r-devel-linux-x86_64-fedora-gcc | 0.0.1 | 92.59 | NOTE | |||
r-devel-windows-x86_64 | 0.0.1 | 8.00 | 77.00 | 85.00 | OK | |
r-patched-linux-x86_64 | 0.0.1 | 7.97 | 68.56 | 76.53 | OK | |
r-release-linux-x86_64 | 0.0.1 | 8.37 | 67.72 | 76.09 | OK | |
r-release-macos-arm64 | 0.0.1 | 35.00 | OK | |||
r-release-macos-x86_64 | 0.0.1 | 50.00 | OK | |||
r-release-windows-x86_64 | 0.0.1 | 10.00 | 90.00 | 100.00 | OK | |
r-oldrel-macos-arm64 | 0.0.1 | 32.00 | NOTE | |||
r-oldrel-macos-x86_64 | 0.0.1 | 47.00 | NOTE | |||
r-oldrel-windows-x86_64 | 0.0.1 | 11.00 | 89.00 | 100.00 | OK |
Version: 0.0.1
Check: dependencies in R code
Result: NOTE
Namespaces in Imports field not imported from:
‘DBI’ ‘assertthat’ ‘tibble’
All declared Imports should be used.
Flavors: r-devel-linux-x86_64-fedora-clang, r-devel-linux-x86_64-fedora-gcc, r-oldrel-macos-arm64, r-oldrel-macos-x86_64