CRAN Package Check Results for Package afmToolkit

Last updated on 2022-08-12 20:48:54 CEST.

Flavor Version Tinstall Tcheck Ttotal Status Flags
r-devel-linux-x86_64-debian-clang 0.0.1 8.45 75.86 84.31 OK
r-devel-linux-x86_64-debian-gcc 0.0.1 5.81 59.73 65.54 OK
r-devel-linux-x86_64-fedora-clang 0.0.1 115.46 NOTE
r-devel-linux-x86_64-fedora-gcc 0.0.1 110.22 NOTE
r-devel-windows-x86_64 0.0.1 20.00 103.00 123.00 OK
r-patched-linux-x86_64 0.0.1 6.19 74.26 80.45 OK
r-release-linux-x86_64 0.0.1 6.37 73.15 79.52 OK
r-release-macos-arm64 0.0.1 32.00 NOTE
r-release-macos-x86_64 0.0.1 47.00 NOTE
r-release-windows-x86_64 0.0.1 11.00 103.00 114.00 OK
r-oldrel-macos-arm64 0.0.1 44.00 NOTE
r-oldrel-macos-x86_64 0.0.1 57.00 NOTE
r-oldrel-windows-ix86+x86_64 0.0.1 17.00 93.00 110.00 OK

Check Details

Version: 0.0.1
Check: dependencies in R code
Result: NOTE
    Namespaces in Imports field not imported from:
     ‘DBI’ ‘assertthat’ ‘tibble’
     All declared Imports should be used.
Flavors: r-devel-linux-x86_64-fedora-clang, r-devel-linux-x86_64-fedora-gcc, r-release-macos-arm64, r-release-macos-x86_64, r-oldrel-macos-arm64, r-oldrel-macos-x86_64