CRAN Package Check Results for Package africamonitor

Last updated on 2022-08-09 06:50:09 CEST.

Flavor Version Tinstall Tcheck Ttotal Status Flags
r-devel-linux-x86_64-debian-clang 0.2.0 3.83 46.29 50.12 OK
r-devel-linux-x86_64-debian-gcc 0.2.0 3.51 34.41 37.92 OK
r-devel-linux-x86_64-fedora-clang 0.2.0 70.69 NOTE
r-devel-linux-x86_64-fedora-gcc 0.2.0 67.46 NOTE
r-devel-windows-x86_64 0.2.0 23.00 74.00 97.00 OK
r-patched-linux-x86_64 0.2.0 3.22 42.30 45.52 OK
r-release-linux-x86_64 0.2.0 OK
r-release-macos-arm64 0.2.0 21.00 NOTE
r-release-macos-x86_64 0.2.0 30.00 NOTE
r-release-windows-x86_64 0.2.0 18.00 75.00 93.00 OK
r-oldrel-macos-arm64 0.2.0 21.00 NOTE
r-oldrel-macos-x86_64 0.2.0 29.00 NOTE
r-oldrel-windows-ix86+x86_64 0.2.0 11.00 68.00 79.00 OK

Check Details

Version: 0.2.0
Check: data for non-ASCII characters
Result: NOTE
     Note: found 6 marked UTF-8 strings
Flavors: r-devel-linux-x86_64-fedora-clang, r-devel-linux-x86_64-fedora-gcc, r-release-macos-arm64, r-release-macos-x86_64, r-oldrel-macos-arm64, r-oldrel-macos-x86_64