Last updated on 2023-02-09 13:00:10 CET.
Flavor | Version | Tinstall | Tcheck | Ttotal | Status | Flags |
---|---|---|---|---|---|---|
r-devel-linux-x86_64-debian-clang | 1.1.6 | 24.08 | 122.11 | 146.19 | NOTE | |
r-devel-linux-x86_64-debian-gcc | 1.1.6 | 15.42 | 87.78 | 103.20 | NOTE | |
r-devel-linux-x86_64-fedora-clang | 1.1.6 | 188.11 | NOTE | |||
r-devel-linux-x86_64-fedora-gcc | 1.1.6 | 166.80 | NOTE | |||
r-devel-windows-x86_64 | 1.1.6 | 38.00 | 151.00 | 189.00 | NOTE | |
r-patched-linux-x86_64 | 1.1.6 | 17.91 | 114.50 | 132.41 | OK | |
r-release-linux-x86_64 | 1.1.6 | 16.39 | 112.75 | 129.14 | OK | |
r-release-macos-arm64 | 1.1.6 | 49.00 | OK | |||
r-release-macos-x86_64 | 1.1.6 | 83.00 | OK | |||
r-release-windows-x86_64 | 1.1.6 | 36.00 | 148.00 | 184.00 | OK | |
r-oldrel-macos-arm64 | 1.1.6 | 55.00 | OK | |||
r-oldrel-macos-x86_64 | 1.1.6 | 64.00 | OK | |||
r-oldrel-windows-ix86+x86_64 | 1.1.6 | 43.00 | 173.00 | 216.00 | OK |
Version: 1.1.6
Check: package subdirectories
Result: NOTE
Problems with news in ‘NEWS.md’:
No news entries found.
Flavors: r-devel-linux-x86_64-debian-clang, r-devel-linux-x86_64-debian-gcc, r-devel-linux-x86_64-fedora-clang, r-devel-linux-x86_64-fedora-gcc, r-devel-windows-x86_64