Last updated on 2023-01-29 23:03:01 CET.
Flavor | Version | Tinstall | Tcheck | Ttotal | Status | Flags |
---|---|---|---|---|---|---|
r-devel-linux-x86_64-debian-clang | 4.2.1.1 | 111.05 | 105.73 | 216.78 | OK | |
r-devel-linux-x86_64-debian-gcc | 4.2.1.1 | 62.05 | 80.26 | 142.31 | OK | |
r-devel-linux-x86_64-fedora-clang | 4.2.1.1 | 275.42 | OK | |||
r-devel-linux-x86_64-fedora-gcc | 4.2.1.1 | 226.25 | OK | |||
r-devel-windows-x86_64 | 4.2.1.1 | 82.00 | 151.00 | 233.00 | NOTE | |
r-patched-linux-x86_64 | 4.2.1.1 | 57.36 | 100.60 | 157.96 | OK | |
r-release-linux-x86_64 | 4.2.1.1 | 56.44 | 102.29 | 158.73 | OK | |
r-release-macos-arm64 | 4.2.1.1 | 63.00 | NOTE | |||
r-release-macos-x86_64 | 4.2.1.1 | 85.00 | NOTE | |||
r-release-windows-x86_64 | 4.2.1.1 | 54.00 | 148.00 | 202.00 | OK | |
r-oldrel-macos-arm64 | 4.2.1.1 | 64.00 | NOTE | |||
r-oldrel-macos-x86_64 | 4.2.1.1 | 88.00 | NOTE | |||
r-oldrel-windows-ix86+x86_64 | 4.2.1.1 | 155.00 | 177.00 | 332.00 | OK |
Version: 4.2.1.1
Check: C++ specification
Result: NOTE
Specified C++11: please update to current default of C++17
Flavor: r-devel-windows-x86_64
Version: 4.2.1.1
Check: installed package size
Result: NOTE
installed size is 8.1Mb
sub-directories of 1Mb or more:
libs 8.0Mb
Flavors: r-release-macos-arm64, r-release-macos-x86_64, r-oldrel-macos-arm64, r-oldrel-macos-x86_64