Last updated on 2022-08-09 06:50:09 CEST.
Flavor | Version | Tinstall | Tcheck | Ttotal | Status | Flags |
---|---|---|---|---|---|---|
r-devel-linux-x86_64-debian-clang | 0.5-3 | 12.04 | 97.76 | 109.80 | OK | |
r-devel-linux-x86_64-debian-gcc | 0.5-3 | 8.54 | 73.89 | 82.43 | OK | |
r-devel-linux-x86_64-fedora-clang | 0.5-3 | 141.99 | NOTE | |||
r-devel-linux-x86_64-fedora-gcc | 0.5-3 | 137.98 | OK | |||
r-devel-windows-x86_64 | 0.5-3 | 19.00 | 116.00 | 135.00 | OK | |
r-patched-linux-x86_64 | 0.5-3 | 10.05 | 91.43 | 101.48 | OK | |
r-release-linux-x86_64 | 0.5-3 | OK | ||||
r-release-macos-arm64 | 0.5-3 | 47.00 | OK | |||
r-release-macos-x86_64 | 0.5-3 | 60.00 | OK | |||
r-release-windows-x86_64 | 0.5-3 | 18.00 | 116.00 | 134.00 | OK | |
r-oldrel-macos-arm64 | 0.5-3 | 30.00 | OK | |||
r-oldrel-macos-x86_64 | 0.5-3 | 67.00 | OK | |||
r-oldrel-windows-ix86+x86_64 | 0.5-3 | 28.00 | 112.00 | 140.00 | OK |
Version: 0.5-3
Check: Rd cross-references
Result: NOTE
Undeclared packages ‘epiR’, ‘cccrm’ in Rd xrefs
Flavor: r-devel-linux-x86_64-fedora-clang