CRAN Package Check Results for Package agcounts

Last updated on 2025-06-22 21:50:50 CEST.

Flavor Version Tinstall Tcheck Ttotal Status Flags
r-devel-linux-x86_64-debian-clang 0.6.6 41.93 129.16 171.09 OK
r-devel-linux-x86_64-debian-gcc 0.6.6 28.62 99.28 127.90 OK
r-devel-linux-x86_64-fedora-clang 0.6.6 326.48 OK
r-devel-linux-x86_64-fedora-gcc 0.6.6 307.95 OK
r-devel-windows-x86_64 0.6.6 69.00 434.00 503.00 OK
r-patched-linux-x86_64 0.6.6 36.67 118.20 154.87 OK
r-release-linux-x86_64 0.6.6 39.32 118.20 157.52 OK
r-release-macos-arm64 0.6.6 81.00 OK
r-release-macos-x86_64 0.6.6 138.00 OK
r-release-windows-x86_64 0.6.6 100.00 403.00 503.00 OK
r-oldrel-macos-arm64 0.6.6 75.00 NOTE
r-oldrel-macos-x86_64 0.6.6 99.00 NOTE
r-oldrel-windows-x86_64 0.6.6 77.00 295.00 372.00 OK

Check Details

Version: 0.6.6
Check: installed package size
Result: NOTE installed size is 5.7Mb sub-directories of 1Mb or more: extdata 3.4Mb libs 2.1Mb Flavors: r-oldrel-macos-arm64, r-oldrel-macos-x86_64