CRAN Package Check Results for Package aglm

Last updated on 2021-10-24 11:51:00 CEST.

Flavor Version Tinstall Tcheck Ttotal Status Flags
r-devel-linux-x86_64-debian-clang 0.4.0 7.66 161.51 169.17 OK
r-devel-linux-x86_64-debian-gcc 0.4.0 6.79 119.68 126.47 OK
r-devel-linux-x86_64-fedora-clang 0.4.0 212.63 NOTE
r-devel-linux-x86_64-fedora-gcc 0.4.0 204.14 NOTE
r-devel-windows-x86_64 0.4.0 13.00 207.00 220.00 OK
r-devel-windows-x86_64-gcc10-UCRT 0.4.0 NOTE
r-patched-linux-x86_64 0.4.0 10.85 158.86 169.71 OK
r-patched-solaris-x86 0.4.0 393.90 NOTE
r-release-linux-x86_64 0.4.0 8.07 159.09 167.16 OK
r-release-macos-arm64 0.4.0 NOTE
r-release-macos-x86_64 0.4.0 NOTE
r-release-windows-ix86+x86_64 0.4.0 14.00 203.00 217.00 OK
r-oldrel-macos-x86_64 0.4.0 NOTE
r-oldrel-windows-ix86+x86_64 0.4.0 20.00 207.00 227.00 OK

Check Details

Version: 0.4.0
Check: dependencies in R code
Result: NOTE
    Namespace in Imports field not imported from: ‘mathjaxr’
     All declared Imports should be used.
Flavors: r-devel-linux-x86_64-fedora-clang, r-devel-linux-x86_64-fedora-gcc, r-devel-windows-x86_64-gcc10-UCRT, r-patched-solaris-x86, r-release-macos-arm64, r-release-macos-x86_64, r-oldrel-macos-x86_64