CRAN Package Check Results for Package agop

Last updated on 2021-09-20 06:48:33 CEST.

Flavor Version Tinstall Tcheck Ttotal Status Flags
r-devel-linux-x86_64-debian-clang 0.2-3 27.03 28.79 55.82 OK
r-devel-linux-x86_64-debian-gcc 0.2-3 15.95 22.45 38.40 OK
r-devel-linux-x86_64-fedora-clang 0.2-3 102.70 OK
r-devel-linux-x86_64-fedora-gcc 0.2-3 64.47 OK
r-devel-windows-x86_64 0.2-3 31.00 40.00 71.00 OK
r-devel-windows-x86_64-gcc10-UCRT 0.2-3 ERROR
r-patched-linux-x86_64 0.2-3 21.29 28.11 49.40 OK
r-patched-solaris-x86 0.2-3 108.10 OK
r-release-linux-x86_64 0.2-3 20.44 28.22 48.66 OK
r-release-macos-arm64 0.2-3 OK
r-release-macos-x86_64 0.2-3 OK
r-release-windows-ix86+x86_64 0.2-3 70.00 60.00 130.00 OK
r-oldrel-macos-x86_64 0.2-3 OK
r-oldrel-windows-ix86+x86_64 0.2-3 67.00 50.00 117.00 OK

Check Details

Version: 0.2-3
Check: whether package can be installed
Result: ERROR
    Installation failed.
Flavor: r-devel-windows-x86_64-gcc10-UCRT