Last updated on 2023-03-24 06:50:29 CET.
Flavor | Version | Tinstall | Tcheck | Ttotal | Status | Flags |
---|---|---|---|---|---|---|
r-devel-linux-x86_64-debian-clang | 1.3-5 | 21.01 | 185.51 | 206.52 | NOTE | |
r-devel-linux-x86_64-debian-gcc | 1.3-5 | 16.39 | 135.17 | 151.56 | NOTE | |
r-devel-linux-x86_64-fedora-clang | 1.3-5 | 260.28 | NOTE | |||
r-devel-linux-x86_64-fedora-gcc | 1.3-5 | 249.91 | NOTE | |||
r-devel-windows-x86_64 | 1.3-5 | 87.00 | 270.00 | 357.00 | NOTE | |
r-patched-linux-x86_64 | 1.3-5 | 21.24 | 168.00 | 189.24 | OK | |
r-release-linux-x86_64 | 1.3-5 | 18.51 | 170.38 | 188.89 | OK | |
r-release-macos-arm64 | 1.3-5 | 70.00 | OK | |||
r-release-macos-x86_64 | 1.3-5 | 121.00 | OK | |||
r-release-windows-x86_64 | 1.3-5 | 77.00 | 250.00 | 327.00 | OK | |
r-oldrel-macos-arm64 | 1.3-5 | 80.00 | OK | |||
r-oldrel-macos-x86_64 | 1.3-5 | 116.00 | OK | |||
r-oldrel-windows-ix86+x86_64 | 1.3-5 | 38.00 | 220.00 | 258.00 | OK |
Version: 1.3-5
Check: Rd \usage sections
Result: NOTE
S3 methods shown with full name in documentation object ‘intervals.freq’:
‘intervals.freq’
The \usage entries for S3 methods should use the \method markup and not
their full name.
See chapter ‘Writing R documentation files’ in the ‘Writing R
Extensions’ manual.
Flavors: r-devel-linux-x86_64-debian-clang, r-devel-linux-x86_64-debian-gcc, r-devel-linux-x86_64-fedora-clang, r-devel-linux-x86_64-fedora-gcc, r-devel-windows-x86_64