Last updated on 2023-06-04 20:57:33 CEST.
Flavor | Version | Tinstall | Tcheck | Ttotal | Status | Flags |
---|---|---|---|---|---|---|
r-devel-linux-x86_64-debian-clang | 1.1.0 | 12.39 | 110.02 | 122.41 | NOTE | |
r-devel-linux-x86_64-debian-gcc | 1.1.0 | 10.39 | 80.49 | 90.88 | NOTE | |
r-devel-linux-x86_64-fedora-clang | 1.1.0 | 151.27 | NOTE | |||
r-devel-linux-x86_64-fedora-gcc | 1.1.0 | 173.28 | NOTE | |||
r-devel-windows-x86_64 | 1.1.0 | 13.00 | 92.00 | 105.00 | NOTE | |
r-patched-linux-x86_64 | 1.1.0 | 11.80 | 100.94 | 112.74 | NOTE | |
r-release-linux-x86_64 | 1.1.0 | 12.49 | 101.38 | 113.87 | NOTE | |
r-release-macos-arm64 | 1.1.0 | 49.00 | NOTE | |||
r-release-macos-x86_64 | 1.1.0 | 76.00 | NOTE | |||
r-release-windows-x86_64 | 1.1.0 | 15.00 | 112.00 | 127.00 | NOTE | |
r-oldrel-macos-arm64 | 1.1.0 | 30.00 | NOTE | |||
r-oldrel-macos-x86_64 | 1.1.0 | 59.00 | NOTE | |||
r-oldrel-windows-x86_64 | 1.1.0 | 15.00 | 116.00 | 131.00 | NOTE |
Version: 1.1.0
Check: package dependencies
Result: NOTE
Package which this enhances but not available for checking: ‘asreml’
Flavors: r-devel-linux-x86_64-debian-clang, r-devel-linux-x86_64-debian-gcc, r-devel-linux-x86_64-fedora-clang, r-devel-linux-x86_64-fedora-gcc, r-devel-windows-x86_64, r-patched-linux-x86_64, r-release-linux-x86_64, r-release-macos-arm64, r-release-macos-x86_64, r-release-windows-x86_64, r-oldrel-macos-arm64, r-oldrel-macos-x86_64, r-oldrel-windows-x86_64