Last updated on 2023-04-01 22:53:33 CEST.
Flavor | Version | Tinstall | Tcheck | Ttotal | Status | Flags |
---|---|---|---|---|---|---|
r-devel-linux-x86_64-debian-clang | 1.0.1 | 43.22 | 296.13 | 339.35 | NOTE | |
r-devel-linux-x86_64-debian-gcc | 1.0.1 | 30.68 | 220.07 | 250.75 | NOTE | |
r-devel-linux-x86_64-fedora-clang | 1.0.1 | 408.25 | NOTE | |||
r-devel-linux-x86_64-fedora-gcc | 1.0.1 | 403.62 | NOTE | |||
r-devel-windows-x86_64 | 1.0.1 | 48.00 | 287.00 | 335.00 | NOTE | |
r-patched-linux-x86_64 | 1.0.1 | 35.18 | 283.96 | 319.14 | NOTE | |
r-release-linux-x86_64 | 1.0.1 | 37.97 | 280.64 | 318.61 | NOTE | |
r-release-macos-arm64 | 1.0.1 | 75.00 | NOTE | |||
r-release-macos-x86_64 | 1.0.1 | 112.00 | NOTE | |||
r-release-windows-x86_64 | 1.0.1 | 41.00 | 277.00 | 318.00 | NOTE | |
r-oldrel-macos-arm64 | 1.0.1 | 49.00 | NOTE | |||
r-oldrel-macos-x86_64 | 1.0.1 | 84.00 | NOTE | |||
r-oldrel-windows-ix86+x86_64 | 1.0.1 | 74.00 | 274.00 | 348.00 | NOTE |
Version: 1.0.1
Check: LazyData
Result: NOTE
'LazyData' is specified without a 'data' directory
Flavors: r-devel-linux-x86_64-debian-clang, r-devel-linux-x86_64-debian-gcc, r-devel-linux-x86_64-fedora-clang, r-devel-linux-x86_64-fedora-gcc, r-devel-windows-x86_64, r-patched-linux-x86_64, r-release-linux-x86_64, r-release-macos-arm64, r-release-macos-x86_64, r-release-windows-x86_64, r-oldrel-macos-arm64, r-oldrel-macos-x86_64, r-oldrel-windows-ix86+x86_64