Last updated on 2023-01-31 16:54:33 CET.
Flavor | Version | Tinstall | Tcheck | Ttotal | Status | Flags |
---|---|---|---|---|---|---|
r-devel-linux-x86_64-debian-clang | 1.42.8 | 3.09 | 43.65 | 46.74 | NOTE | |
r-devel-linux-x86_64-debian-gcc | 1.42.8 | 2.53 | 32.74 | 35.27 | NOTE | |
r-devel-linux-x86_64-fedora-clang | 1.42.8 | 62.43 | NOTE | |||
r-devel-linux-x86_64-fedora-gcc | 1.42.8 | 67.09 | NOTE | |||
r-devel-windows-x86_64 | 1.42.8 | 28.00 | 107.00 | 135.00 | NOTE | |
r-patched-linux-x86_64 | 1.42.8 | 3.49 | 41.07 | 44.56 | OK | |
r-release-linux-x86_64 | 1.42.8 | 2.89 | 41.68 | 44.57 | OK | |
r-release-macos-arm64 | 1.42.8 | 23.00 | OK | |||
r-release-macos-x86_64 | 1.42.8 | 34.00 | OK | |||
r-release-windows-x86_64 | 1.42.8 | 12.00 | 88.00 | 100.00 | OK | |
r-oldrel-macos-arm64 | 1.42.8 | 24.00 | OK | |||
r-oldrel-macos-x86_64 | 1.42.8 | 32.00 | OK | |||
r-oldrel-windows-ix86+x86_64 | 1.42.8 | 6.00 | 45.00 | 51.00 | OK |
Version: 1.42.8
Check: Rd files
Result: NOTE
checkRd: (-1) BerryMielke.Rd:11: Escaped LaTeX specials: \&
checkRd: (-1) BlairLacy.Rd:11: Escaped LaTeX specials: \&
checkRd: (-1) Kvalseth.Rd:11: Escaped LaTeX specials: \&
checkRd: (-1) consensus.variance.Rd:12: Escaped LaTeX specials: \&
checkRd: (-1) dsquared.Rd:11: Escaped LaTeX specials: \&
checkRd: (-1) l.variance.Rd:12: Escaped LaTeX specials: \&
checkRd: (-1) lsquared.Rd:11: Escaped LaTeX specials: \&
checkRd: (-1) lsquared.variance.Rd:12: Escaped LaTeX specials: \&
checkRd: (-1) var.variance.Rd:12: Escaped LaTeX specials: \&
Flavors: r-devel-linux-x86_64-debian-clang, r-devel-linux-x86_64-debian-gcc, r-devel-linux-x86_64-fedora-clang, r-devel-linux-x86_64-fedora-gcc, r-devel-windows-x86_64