CRAN Package Check Results for Package agsemisc

Last updated on 2019-08-18 04:46:07 CEST.

Flavor Version Tinstall Tcheck Ttotal Status Flags
r-devel-linux-x86_64-debian-clang 1.3-1 2.76 23.91 26.67 NOTE
r-devel-linux-x86_64-debian-gcc 1.3-1 2.19 19.12 21.31 NOTE
r-devel-linux-x86_64-fedora-clang 1.3-1 33.54 NOTE
r-devel-linux-x86_64-fedora-gcc 1.3-1 29.86 NOTE
r-devel-windows-ix86+x86_64 1.3-1 8.00 50.00 58.00 NOTE
r-patched-linux-x86_64 1.3-1 2.52 23.54 26.06 NOTE
r-patched-solaris-x86 1.3-1 50.30 NOTE
r-release-linux-x86_64 1.3-1 2.22 23.51 25.73 NOTE
r-release-windows-ix86+x86_64 1.3-1 7.00 48.00 55.00 NOTE
r-release-osx-x86_64 1.3-1 NOTE
r-oldrel-windows-ix86+x86_64 1.3-1 7.00 47.00 54.00 NOTE
r-oldrel-osx-x86_64 1.3-1 NOTE

Check Details

Version: 1.3-1
Check: DESCRIPTION meta-information
Result: NOTE
    Malformed Description field: should contain one or more complete sentences.
Flavors: r-devel-linux-x86_64-debian-clang, r-devel-linux-x86_64-debian-gcc, r-devel-linux-x86_64-fedora-clang, r-devel-linux-x86_64-fedora-gcc, r-devel-windows-ix86+x86_64, r-patched-linux-x86_64, r-patched-solaris-x86, r-release-linux-x86_64, r-release-windows-ix86+x86_64, r-release-osx-x86_64, r-oldrel-windows-ix86+x86_64, r-oldrel-osx-x86_64

Version: 1.3-1
Check: R code for possible problems
Result: NOTE
    a.findcorrelations: no visible global function definition for 'cor'
    a.iqr: no visible global function definition for 'quantile'
    a.proportion.test: no visible global function definition for
     'fisher.test'
    a.proportion.test: no visible global function definition for
     'chisq.test'
    a.qr: no visible global function definition for 'quantile'
    a.resetplotparams: no visible global function definition for 'par'
    panel.bwstrip: no visible global function definition for 'quantile'
    panel.bwstrip: no visible global function definition for
     'boxplot.stats'
    panel.bwstrip: no visible global function definition for 'var'
    panel.bwstrip: no visible global function definition for 'mad'
    panel.bwstrip : do.plot: no visible global function definition for
     'runif'
    panel.xy : panel.lminterval: no visible global function definition for
     'lm'
    panel.xy : panel.lminterval: no visible global function definition for
     'coef'
    panel.xy : panel.lminterval: no visible global function definition for
     'qt'
    panel.xy: no visible global function definition for 'cor'
    panel.xy: no visible global function definition for 'median'
    panel.xy: no visible global function definition for 'var'
    plotf : do.plot: no visible global function definition for 'dev.off'
    plotf: no visible global function definition for 'dev.copy2eps'
    plotf: no visible global function definition for 'postscript'
    plotf: no visible global function definition for 'pdf'
    plotf: no visible global function definition for 'png'
    plotf: no visible global function definition for 'jpeg'
    plotfit: no visible global function definition for 'par'
    plotfit: no visible global function definition for 'plot'
    Undefined global functions or variables:
     boxplot.stats chisq.test coef cor dev.copy2eps dev.off fisher.test
     jpeg lm mad median par pdf plot png postscript qt quantile runif var
    Consider adding
     importFrom("grDevices", "boxplot.stats", "dev.copy2eps", "dev.off",
     "jpeg", "pdf", "png", "postscript")
     importFrom("graphics", "par", "plot")
     importFrom("stats", "chisq.test", "coef", "cor", "fisher.test", "lm",
     "mad", "median", "qt", "quantile", "runif", "var")
    to your NAMESPACE file.
Flavors: r-devel-linux-x86_64-debian-clang, r-devel-linux-x86_64-debian-gcc, r-devel-linux-x86_64-fedora-clang, r-devel-linux-x86_64-fedora-gcc, r-devel-windows-ix86+x86_64, r-patched-linux-x86_64, r-patched-solaris-x86, r-release-linux-x86_64, r-release-windows-ix86+x86_64, r-release-osx-x86_64, r-oldrel-windows-ix86+x86_64, r-oldrel-osx-x86_64

Version: 1.3-1
Check: for non-standard things in the check directory
Result: NOTE
    Found the following files/directories:
     'myplot.pdf' 'myplot.png'
Flavors: r-devel-linux-x86_64-debian-clang, r-devel-linux-x86_64-debian-gcc, r-devel-linux-x86_64-fedora-clang, r-devel-linux-x86_64-fedora-gcc