CRAN Package Check Results for Package agtboost

Last updated on 2023-02-05 17:51:11 CET.

Flavor Version Tinstall Tcheck Ttotal Status Flags
r-devel-linux-x86_64-debian-clang 0.9.3 41.87 45.98 87.85 NOTE
r-devel-linux-x86_64-debian-gcc 0.9.3 30.60 35.67 66.27 NOTE
r-devel-linux-x86_64-fedora-clang 0.9.3 121.22 NOTE
r-devel-linux-x86_64-fedora-gcc 0.9.3 112.88 NOTE
r-devel-windows-x86_64 0.9.3 49.00 101.00 150.00 NOTE
r-patched-linux-x86_64 0.9.3 31.89 45.36 77.25 OK
r-release-linux-x86_64 0.9.3 32.46 45.81 78.27 OK
r-release-macos-arm64 0.9.3 35.00 NOTE
r-release-macos-x86_64 0.9.3 49.00 NOTE
r-release-windows-x86_64 0.9.3 49.00 106.00 155.00 OK
r-oldrel-macos-arm64 0.9.3 62.00 NOTE
r-oldrel-macos-x86_64 0.9.3 47.00 NOTE
r-oldrel-windows-ix86+x86_64 0.9.3 91.00 105.00 196.00 OK

Check Details

Version: 0.9.3
Check: C++ specification
Result: NOTE
     Specified C++11: please update to current default of C++17
Flavors: r-devel-linux-x86_64-debian-clang, r-devel-linux-x86_64-debian-gcc, r-devel-linux-x86_64-fedora-clang, r-devel-linux-x86_64-fedora-gcc, r-devel-windows-x86_64

Version: 0.9.3
Check: installed package size
Result: NOTE
     installed size is 9.0Mb
     sub-directories of 1Mb or more:
     libs 8.5Mb
Flavors: r-release-macos-arm64, r-release-macos-x86_64, r-oldrel-macos-arm64, r-oldrel-macos-x86_64