Last updated on 2023-03-28 22:56:31 CEST.
Flavor | Version | Tinstall | Tcheck | Ttotal | Status | Flags |
---|---|---|---|---|---|---|
r-devel-linux-x86_64-debian-clang | 1.20.1 | 38.13 | 79.76 | 117.89 | NOTE | |
r-devel-linux-x86_64-debian-gcc | 1.20.1 | 31.59 | 61.98 | 93.57 | NOTE | |
r-devel-linux-x86_64-fedora-clang | 1.20.1 | 161.05 | NOTE | |||
r-devel-linux-x86_64-fedora-gcc | 1.20.1 | 161.14 | NOTE | |||
r-devel-windows-x86_64 | 1.20.1 | 46.00 | 125.00 | 171.00 | NOTE | |
r-patched-linux-x86_64 | 1.20.1 | 34.84 | 78.58 | 113.42 | NOTE | |
r-release-linux-x86_64 | 1.20.1 | 31.30 | 77.21 | 108.51 | OK | |
r-release-macos-arm64 | 1.20.1 | 43.00 | OK | |||
r-release-macos-x86_64 | 1.20.1 | 60.00 | OK | |||
r-release-windows-x86_64 | 1.20.1 | 37.00 | 127.00 | 164.00 | OK | |
r-oldrel-macos-arm64 | 1.20.1 | 45.00 | OK | |||
r-oldrel-macos-x86_64 | 1.20.1 | 55.00 | OK | |||
r-oldrel-windows-ix86+x86_64 | 1.20.1 | 95.00 | 135.00 | 230.00 | OK |
Version: 1.20.1
Check: C++ specification
Result: NOTE
Specified C++11: please drop specification unless essential
Flavors: r-devel-linux-x86_64-debian-clang, r-devel-linux-x86_64-debian-gcc, r-devel-linux-x86_64-fedora-clang, r-devel-linux-x86_64-fedora-gcc, r-devel-windows-x86_64, r-patched-linux-x86_64