CRAN Package Check Results for Package ahaz

Last updated on 2022-08-09 05:54:38 CEST.

Flavor Version Tinstall Tcheck Ttotal Status Flags
r-devel-linux-x86_64-debian-clang 1.15 10.86 81.48 92.34 OK
r-devel-linux-x86_64-debian-gcc 1.15 7.76 62.55 70.31 OK
r-devel-linux-x86_64-fedora-clang 1.15 119.73 NOTE
r-devel-linux-x86_64-fedora-gcc 1.15 118.33 NOTE
r-devel-windows-x86_64 1.15 19.00 102.00 121.00 OK
r-patched-linux-x86_64 1.15 11.66 78.48 90.14 OK
r-release-linux-x86_64 1.15 OK
r-release-macos-arm64 1.15 40.00 OK
r-release-macos-x86_64 1.15 54.00 OK
r-release-windows-x86_64 1.15 23.00 107.00 130.00 OK
r-oldrel-macos-arm64 1.15 34.00 OK
r-oldrel-macos-x86_64 1.15 54.00 OK
r-oldrel-windows-ix86+x86_64 1.15 23.00 127.00 150.00 OK

Check Details

Version: 1.15
Check: compiled code
Result: NOTE
    File ‘ahaz/libs/ahaz.so’:
     Found no calls to: ‘R_registerRoutines’, ‘R_useDynamicSymbols’
    
    It is good practice to register native routines and to disable symbol
    search.
    
    See ‘Writing portable packages’ in the ‘Writing R Extensions’ manual.
Flavors: r-devel-linux-x86_64-fedora-clang, r-devel-linux-x86_64-fedora-gcc