CRAN Package Check Results for Package ahp

Last updated on 2018-12-17 13:49:23 CET.

Flavor Version Tinstall Tcheck Ttotal Status Flags
r-devel-linux-x86_64-debian-clang 0.2.12 4.51 4.03 8.54 ERROR
r-devel-linux-x86_64-debian-gcc 0.2.12 3.92 2.41 6.33 ERROR
r-devel-linux-x86_64-fedora-clang 0.2.12 97.17 OK
r-devel-linux-x86_64-fedora-gcc 0.2.12 92.09 OK
r-devel-windows-ix86+x86_64 0.2.12 16.00 108.00 124.00 OK
r-patched-linux-x86_64 0.2.12 4.66 2.54 7.20 ERROR
r-patched-solaris-x86 0.2.12 132.80 OK
r-release-linux-x86_64 0.2.12 3.26 75.13 78.39 OK
r-release-windows-ix86+x86_64 0.2.12 17.00 120.00 137.00 OK
r-release-osx-x86_64 0.2.12 OK
r-oldrel-windows-ix86+x86_64 0.2.12 18.00 141.00 159.00 OK
r-oldrel-osx-x86_64 0.2.12 OK

Check Details

Version: 0.2.12
Check: whether the package can be loaded
Result: ERROR
    Loading this package had a fatal error status code 1
    Loading log:
    Error: package or namespace load failed for ‘ahp’ in dyn.load(file, DLLpath = DLLpath, ...):
     unable to load shared object ‘/home/hornik/tmp/R.check/r-devel-clang/Work/build/Packages/digest/libs/digest.so’:
     /home/hornik/tmp/R.check/r-devel-clang/Work/build/Packages/digest/libs/digest.so: failed to map segment from shared object
    Execution halted
Flavor: r-devel-linux-x86_64-debian-clang

Version: 0.2.12
Check: whether the package can be loaded
Result: ERROR
    Loading this package had a fatal error status code 1
    Loading log:
    Error: package or namespace load failed for ‘ahp’ in dyn.load(file, DLLpath = DLLpath, ...):
     unable to load shared object ‘/home/hornik/tmp/R.check/r-devel-gcc/Work/build/Packages/digest/libs/digest.so’:
     /home/hornik/tmp/R.check/r-devel-gcc/Work/build/Packages/digest/libs/digest.so: failed to map segment from shared object
    Execution halted
Flavor: r-devel-linux-x86_64-debian-gcc

Version: 0.2.12
Check: whether the package can be loaded
Result: ERROR
    Loading this package had a fatal error status code 1
    Loading log:
    Error: package or namespace load failed for ‘ahp’ in dyn.load(file, DLLpath = DLLpath, ...):
     unable to load shared object ‘/home/hornik/tmp/R.check/r-patched-gcc/Work/build/Packages/digest/libs/digest.so’:
     /home/hornik/tmp/R.check/r-patched-gcc/Work/build/Packages/digest/libs/digest.so: failed to map segment from shared object
    Execution halted
Flavor: r-patched-linux-x86_64