Last updated on 2023-03-23 07:54:20 CET.
Flavor | Version | Tinstall | Tcheck | Ttotal | Status | Flags |
---|---|---|---|---|---|---|
r-devel-linux-x86_64-debian-clang | 0.4.1 | 6.08 | 63.28 | 69.36 | OK | |
r-devel-linux-x86_64-debian-gcc | 0.4.1 | 4.53 | 46.69 | 51.22 | OK | |
r-devel-linux-x86_64-fedora-clang | 0.4.1 | 85.48 | NOTE | |||
r-devel-linux-x86_64-fedora-gcc | 0.4.1 | 141.12 | NOTE | |||
r-devel-windows-x86_64 | 0.4.1 | 22.00 | 94.00 | 116.00 | OK | |
r-patched-linux-x86_64 | 0.4.1 | 5.98 | 59.02 | 65.00 | OK | |
r-release-linux-x86_64 | 0.4.1 | 5.54 | 59.03 | 64.57 | OK | |
r-release-macos-arm64 | 0.4.1 | 41.00 | NOTE | |||
r-release-macos-x86_64 | 0.4.1 | 70.00 | NOTE | |||
r-release-windows-x86_64 | 0.4.1 | 25.00 | 87.00 | 112.00 | OK | |
r-oldrel-macos-arm64 | 0.4.1 | 56.00 | NOTE | |||
r-oldrel-macos-x86_64 | 0.4.1 | 72.00 | NOTE | |||
r-oldrel-windows-ix86+x86_64 | 0.4.1 | 14.00 | 86.00 | 100.00 | OK |
Version: 0.4.1
Check: dependencies in R code
Result: NOTE
Namespaces in Imports field not imported from:
‘knitr’ ‘randomNames’ ‘tidyr’
All declared Imports should be used.
Flavors: r-devel-linux-x86_64-fedora-clang, r-devel-linux-x86_64-fedora-gcc, r-release-macos-arm64, r-release-macos-x86_64, r-oldrel-macos-arm64, r-oldrel-macos-x86_64