CRAN Package Check Results for Package ahpsurvey

Last updated on 2020-04-08 21:47:13 CEST.

Flavor Version Tinstall Tcheck Ttotal Status Flags
r-devel-linux-x86_64-debian-clang 0.4.1 5.15 100.99 106.14 OK
r-devel-linux-x86_64-debian-gcc 0.4.1 4.60 72.46 77.06 OK
r-devel-linux-x86_64-fedora-clang 0.4.1 117.22 NOTE
r-devel-linux-x86_64-fedora-gcc 0.4.1 116.81 NOTE
r-devel-windows-ix86+x86_64 0.4.1 14.00 128.00 142.00 OK
r-devel-windows-ix86+x86_64-gcc8 0.4.1 14.00 99.00 113.00 OK
r-patched-linux-x86_64 0.4.1 4.96 92.97 97.93 OK
r-patched-solaris-x86 0.4.1 155.50 NOTE
r-release-linux-x86_64 0.4.1 4.42 87.62 92.04 OK
r-release-windows-ix86+x86_64 0.4.1 12.00 171.00 183.00 OK
r-release-osx-x86_64 0.4.1 NOTE
r-oldrel-windows-ix86+x86_64 0.4.1 11.00 135.00 146.00 OK
r-oldrel-osx-x86_64 0.4.1 NOTE

Check Details

Version: 0.4.1
Check: dependencies in R code
Result: NOTE
    Namespaces in Imports field not imported from:
     ‘knitr’ ‘randomNames’ ‘tidyr’
     All declared Imports should be used.
Flavors: r-devel-linux-x86_64-fedora-clang, r-devel-linux-x86_64-fedora-gcc, r-patched-solaris-x86, r-release-osx-x86_64, r-oldrel-osx-x86_64