CRAN Package Check Results for Package ahptopsis2n

Last updated on 2024-04-16 15:50:31 CEST.

Flavor Version Tinstall Tcheck Ttotal Status Flags
r-devel-linux-x86_64-debian-clang 0.2.0 1.77 24.24 26.01 NOTE
r-devel-linux-x86_64-debian-gcc 0.2.0 1.46 19.25 20.71 NOTE
r-devel-linux-x86_64-fedora-clang 0.2.0 35.18 NOTE
r-devel-linux-x86_64-fedora-gcc 0.2.0 48.95 NOTE
r-prerel-macos-arm64 0.2.0 21.00 NOTE
r-prerel-windows-x86_64 0.2.0 3.00 41.00 44.00 NOTE
r-patched-linux-x86_64 0.2.0 2.11 24.35 26.46 NOTE
r-release-linux-x86_64 0.2.0 1.67 22.40 24.07 NOTE
r-release-macos-arm64 0.2.0 20.00 NOTE
r-release-macos-x86_64 0.2.0 30.00 NOTE
r-release-windows-x86_64 0.2.0 4.00 38.00 42.00 NOTE
r-oldrel-macos-arm64 0.2.0 17.00 NOTE
r-oldrel-windows-x86_64 0.2.0 3.00 45.00 48.00 NOTE

Check Details

Version: 0.2.0
Check: LazyData
Result: NOTE 'LazyData' is specified without a 'data' directory Flavors: r-devel-linux-x86_64-debian-clang, r-devel-linux-x86_64-debian-gcc, r-devel-linux-x86_64-fedora-clang, r-devel-linux-x86_64-fedora-gcc, r-prerel-macos-arm64, r-prerel-windows-x86_64, r-patched-linux-x86_64, r-release-linux-x86_64, r-release-macos-arm64, r-release-macos-x86_64, r-release-windows-x86_64, r-oldrel-macos-arm64, r-oldrel-windows-x86_64