CRAN Package Check Results for Package aiRly

Last updated on 2023-02-01 03:54:05 CET.

Flavor Version Tinstall Tcheck Ttotal Status Flags
r-devel-linux-x86_64-debian-clang 0.1.0 4.97 43.36 48.33 NOTE
r-devel-linux-x86_64-debian-gcc 0.1.0 3.67 32.67 36.34 NOTE
r-devel-linux-x86_64-fedora-clang 0.1.0 60.96 NOTE
r-devel-linux-x86_64-fedora-gcc 0.1.0 57.73 NOTE
r-devel-windows-x86_64 0.1.0 32.00 73.00 105.00 NOTE
r-patched-linux-x86_64 0.1.0 5.39 41.47 46.86 NOTE
r-release-linux-x86_64 0.1.0 3.56 42.22 45.78 NOTE
r-release-macos-arm64 0.1.0 22.00 NOTE
r-release-macos-x86_64 0.1.0 31.00 NOTE
r-release-windows-x86_64 0.1.0 27.00 77.00 104.00 NOTE
r-oldrel-macos-arm64 0.1.0 24.00 NOTE
r-oldrel-macos-x86_64 0.1.0 33.00 NOTE
r-oldrel-windows-ix86+x86_64 0.1.0 11.00 66.00 77.00 NOTE

Additional issues

donttest

Check Details

Version: 0.1.0
Check: LazyData
Result: NOTE
     'LazyData' is specified without a 'data' directory
Flavors: r-devel-linux-x86_64-debian-clang, r-devel-linux-x86_64-debian-gcc, r-devel-linux-x86_64-fedora-clang, r-devel-linux-x86_64-fedora-gcc, r-devel-windows-x86_64, r-patched-linux-x86_64, r-release-linux-x86_64, r-release-macos-arm64, r-release-macos-x86_64, r-release-windows-x86_64, r-oldrel-macos-arm64, r-oldrel-macos-x86_64, r-oldrel-windows-ix86+x86_64