Last updated on 2023-02-03 12:55:49 CET.
Flavor | Version | Tinstall | Tcheck | Ttotal | Status | Flags |
---|---|---|---|---|---|---|
r-devel-linux-x86_64-debian-clang | 0.1.0 | 8.31 | 74.36 | 82.67 | NOTE | |
r-devel-linux-x86_64-debian-gcc | 0.1.0 | 7.05 | 57.74 | 64.79 | NOTE | |
r-devel-linux-x86_64-fedora-clang | 0.1.0 | 104.39 | NOTE | |||
r-devel-linux-x86_64-fedora-gcc | 0.1.0 | 113.20 | NOTE | |||
r-patched-linux-x86_64 | 0.1.0 | 7.45 | 71.50 | 78.95 | NOTE | |
r-release-linux-x86_64 | 0.1.0 | 7.18 | 74.23 | 81.41 | NOTE | |
r-release-macos-arm64 | 0.1.0 | 30.00 | NOTE | |||
r-release-macos-x86_64 | 0.1.0 | 49.00 | NOTE | |||
r-release-windows-x86_64 | 0.1.0 | 26.00 | 116.00 | 142.00 | NOTE | |
r-oldrel-macos-arm64 | 0.1.0 | 41.00 | NOTE | |||
r-oldrel-macos-x86_64 | 0.1.0 | 66.00 | NOTE | |||
r-oldrel-windows-ix86+x86_64 | 0.1.0 | 18.00 | 96.00 | 114.00 | NOTE |
Version: 0.1.0
Check: LazyData
Result: NOTE
'LazyData' is specified without a 'data' directory
Flavors: r-devel-linux-x86_64-debian-clang, r-devel-linux-x86_64-debian-gcc, r-devel-linux-x86_64-fedora-clang, r-devel-linux-x86_64-fedora-gcc, r-patched-linux-x86_64, r-release-linux-x86_64, r-release-macos-arm64, r-release-macos-x86_64, r-release-windows-x86_64, r-oldrel-macos-arm64, r-oldrel-macos-x86_64, r-oldrel-windows-ix86+x86_64