CRAN Package Check Results for Package aifeducation

Last updated on 2024-04-15 10:01:55 CEST.

Flavor Version Tinstall Tcheck Ttotal Status Flags
r-devel-linux-x86_64-debian-clang 0.3.2 57.42 205.20 262.62 OK
r-devel-linux-x86_64-debian-gcc 0.3.2 43.88 154.09 197.97 OK
r-devel-linux-x86_64-fedora-clang 0.3.2 339.06 NOTE
r-devel-linux-x86_64-fedora-gcc 0.3.2 353.52 OK
r-prerel-linux-x86_64 0.3.2 46.84 152.91 199.75 ERROR
r-prerel-macos-arm64 0.3.2 89.00 OK
r-prerel-macos-x86_64 0.3.2 251.00 OK
r-prerel-windows-x86_64 0.3.2 44.00 262.00 306.00 OK
r-release-linux-x86_64 0.3.2 38.49 204.45 242.94 OK
r-release-macos-arm64 0.3.2 98.00 OK
r-release-macos-x86_64 0.3.2 228.00 OK
r-release-windows-x86_64 0.3.2 58.00 267.00 325.00 OK
r-oldrel-macos-arm64 0.3.2 82.00 OK
r-oldrel-windows-x86_64 0.3.2 58.00 228.00 286.00 OK

Additional issues

noSuggests

Check Details

Version: 0.3.2
Check: Rd cross-references
Result: NOTE Undeclared package ‘R6’ in Rd xrefs Flavor: r-devel-linux-x86_64-fedora-clang

Version: 0.3.2
Check: package dependencies
Result: NOTE Package suggested but not available for checking: ‘quanteda.textmodels’ Flavor: r-prerel-linux-x86_64

Version: 0.3.2
Check: tests
Result: ERROR Running ‘testthat.R’ [4s/4s] Running the tests in ‘tests/testthat.R’ failed. Complete output: > # This file is part of the standard setup for testthat. > # It is recommended that you do not modify it. > # > # Where should you do additional test configuration? > # Learn more about the roles of various files in: > # * https://r-pkgs.org/tests.html > # * https://testthat.r-lib.org/reference/test_package.html#special-files > > library(testthat) > library(aifeducation) > library(quanteda.textmodels) Error in library(quanteda.textmodels) : there is no package called 'quanteda.textmodels' Execution halted Flavor: r-prerel-linux-x86_64