Last updated on 2023-09-24 06:53:31 CEST.
Flavor | Version | Tinstall | Tcheck | Ttotal | Status | Flags |
---|---|---|---|---|---|---|
r-devel-linux-x86_64-debian-clang | 0.1.0 | 84.13 | 164.97 | 249.10 | OK | |
r-devel-linux-x86_64-debian-gcc | 0.1.0 | 59.09 | 121.69 | 180.78 | OK | |
r-devel-linux-x86_64-fedora-clang | 0.1.0 | 326.56 | OK | |||
r-devel-linux-x86_64-fedora-gcc | 0.1.0 | 343.08 | OK | |||
r-devel-windows-x86_64 | 0.1.0 | 66.00 | 163.00 | 229.00 | OK | |
r-patched-linux-x86_64 | 0.1.0 | 79.96 | 156.28 | 236.24 | OK | |
r-release-linux-x86_64 | 0.1.0 | 68.64 | 158.05 | 226.69 | OK | |
r-release-macos-arm64 | 0.1.0 | 99.00 | NOTE | |||
r-release-macos-x86_64 | 0.1.0 | 134.00 | NOTE | |||
r-release-windows-x86_64 | 0.1.0 | 84.00 | 195.00 | 279.00 | OK | |
r-oldrel-macos-arm64 | 0.1.0 | 63.00 | NOTE | |||
r-oldrel-macos-x86_64 | 0.1.0 | 112.00 | NOTE | |||
r-oldrel-windows-x86_64 | 0.1.0 | 86.00 | 183.00 | 269.00 | OK |
Version: 0.1.0
Check: installed package size
Result: NOTE
installed size is 5.3Mb
sub-directories of 1Mb or more:
libs 4.1Mb
Flavors: r-release-macos-arm64, r-release-macos-x86_64, r-oldrel-macos-arm64, r-oldrel-macos-x86_64