CRAN Package Check Results for Package aion

Last updated on 2023-09-23 23:00:40 CEST.

Flavor Version Tinstall Tcheck Ttotal Status Flags
r-devel-linux-x86_64-debian-clang 1.0.1 7.78 58.60 66.38 OK
r-devel-linux-x86_64-debian-gcc 1.0.1 5.23 47.38 52.61 OK
r-devel-linux-x86_64-fedora-clang 1.0.1 81.36 NOTE
r-devel-linux-x86_64-fedora-gcc 1.0.1 92.40 OK
r-devel-windows-x86_64 1.0.1 8.00 76.00 84.00 OK
r-patched-linux-x86_64 1.0.1 6.03 56.44 62.47 OK
r-release-linux-x86_64 1.0.1 4.89 57.88 62.77 OK
r-release-macos-arm64 1.0.1 41.00 OK
r-release-macos-x86_64 1.0.1 82.00 OK
r-release-windows-x86_64 1.0.1 10.00 82.00 92.00 OK
r-oldrel-macos-arm64 1.0.1 30.00 OK
r-oldrel-macos-x86_64 1.0.1 44.00 OK
r-oldrel-windows-x86_64 1.0.1 12.00 73.00 85.00 OK

Check Details

Version: 1.0.1
Check: Rd cross-references
Result: NOTE
    Undeclared package ‘era’ in Rd xrefs
Flavor: r-devel-linux-x86_64-fedora-clang