CRAN Package Check Results for Package aion

Last updated on 2024-04-15 16:55:37 CEST.

Flavor Version Tinstall Tcheck Ttotal Status Flags
r-devel-linux-x86_64-debian-clang 1.0.2 6.32 62.56 68.88 OK
r-devel-linux-x86_64-debian-gcc 1.0.2 4.92 47.30 52.22 OK
r-devel-linux-x86_64-fedora-clang 1.0.2 87.73 NOTE
r-devel-linux-x86_64-fedora-gcc 1.0.2 102.97 OK
r-prerel-macos-arm64 1.0.2 36.00 OK
r-prerel-windows-x86_64 1.0.2 6.00 76.00 82.00 OK
r-patched-linux-x86_64 1.0.2 8.56 61.36 69.92 OK
r-release-linux-x86_64 1.0.2 4.87 59.82 64.69 OK
r-release-macos-arm64 1.0.2 46.00 OK
r-release-macos-x86_64 1.0.2 85.00 OK
r-release-windows-x86_64 1.0.2 9.00 82.00 91.00 OK
r-oldrel-macos-arm64 1.0.2 36.00 OK
r-oldrel-windows-x86_64 1.0.2 12.00 73.00 85.00 OK

Check Details

Version: 1.0.2
Check: Rd cross-references
Result: NOTE Undeclared package ‘era’ in Rd xrefs Flavor: r-devel-linux-x86_64-fedora-clang