Last updated on 2025-04-29 14:53:28 CEST.
Flavor | Version | Tinstall | Tcheck | Ttotal | Status | Flags |
---|---|---|---|---|---|---|
r-devel-linux-x86_64-debian-clang | 0.1.4 | 2.71 | 112.89 | 115.60 | NOTE | |
r-devel-linux-x86_64-debian-gcc | 0.1.4 | 2.04 | 78.63 | 80.67 | OK | |
r-devel-linux-x86_64-fedora-clang | 0.1.4 | 172.54 | OK | |||
r-devel-linux-x86_64-fedora-gcc | 0.1.4 | 178.35 | OK | |||
r-devel-windows-x86_64 | 0.1.4 | 4.00 | 122.00 | 126.00 | OK | |
r-patched-linux-x86_64 | 0.1.4 | 2.81 | 106.12 | 108.93 | OK | |
r-release-linux-x86_64 | 0.1.4 | 2.46 | 107.43 | 109.89 | OK | |
r-release-macos-arm64 | 0.1.4 | 63.00 | OK | |||
r-release-macos-x86_64 | 0.1.4 | 147.00 | OK | |||
r-release-windows-x86_64 | 0.1.4 | 3.00 | 122.00 | 125.00 | OK | |
r-oldrel-macos-arm64 | 0.1.4 | 64.00 | OK | |||
r-oldrel-macos-x86_64 | 0.1.4 | 128.00 | OK | |||
r-oldrel-windows-x86_64 | 0.1.4 | 3.00 | 163.00 | 166.00 | OK |
Version: 0.1.4
Check: examples
Result: NOTE
Examples with CPU (user + system) or elapsed time > 5s
user system elapsed
RunModel_DA 4.446 0.098 5.596
Flavor: r-devel-linux-x86_64-debian-clang