Last updated on 2023-02-05 04:50:57 CET.
Flavor | Version | Tinstall | Tcheck | Ttotal | Status | Flags |
---|---|---|---|---|---|---|
r-devel-linux-x86_64-debian-clang | 0.8.2 | 9.72 | 75.89 | 85.61 | OK | |
r-devel-linux-x86_64-debian-gcc | 0.8.2 | 7.97 | 56.19 | 64.16 | OK | |
r-devel-linux-x86_64-fedora-clang | 0.8.2 | 113.43 | NOTE | |||
r-devel-linux-x86_64-fedora-gcc | 0.8.2 | 101.88 | NOTE | |||
r-devel-windows-x86_64 | 0.8.2 | 35.00 | 110.00 | 145.00 | OK | |
r-patched-linux-x86_64 | 0.8.2 | 9.85 | 71.96 | 81.81 | OK | |
r-release-linux-x86_64 | 0.8.2 | 8.08 | 74.28 | 82.36 | OK | |
r-release-macos-arm64 | 0.8.2 | 34.00 | NOTE | |||
r-release-macos-x86_64 | 0.8.2 | 63.00 | NOTE | |||
r-release-windows-x86_64 | 0.8.2 | 39.00 | 113.00 | 152.00 | OK | |
r-oldrel-macos-arm64 | 0.8.2 | 43.00 | NOTE | |||
r-oldrel-macos-x86_64 | 0.8.2 | 56.00 | NOTE | |||
r-oldrel-windows-ix86+x86_64 | 0.8.2 | 20.00 | 115.00 | 135.00 | OK |
Version: 0.8.2
Check: data for non-ASCII characters
Result: NOTE
Note: found 53 marked UTF-8 strings
Flavors: r-devel-linux-x86_64-fedora-clang, r-devel-linux-x86_64-fedora-gcc, r-release-macos-arm64, r-release-macos-x86_64, r-oldrel-macos-arm64, r-oldrel-macos-x86_64